{"id":7306,"date":"2025-03-05T12:17:27","date_gmt":"2025-03-05T11:17:27","guid":{"rendered":"https:\/\/faemclm.es\/?page_id=7306"},"modified":"2025-03-05T19:10:01","modified_gmt":"2025-03-05T18:10:01","slug":"ii-exposicion-de-paisajes-efemeros","status":"publish","type":"page","link":"https:\/\/faemclm.es\/feriaxxix\/ii-exposicion-de-paisajes-efemeros\/","title":{"rendered":"II Exposici\u00f3n de paisajes efemeros"},"content":{"rendered":"\t\t<div data-elementor-type=\"wp-page\" data-elementor-id=\"7306\" class=\"elementor elementor-7306\" data-elementor-post-type=\"page\">\n\t\t\t\t<div class=\"elementor-element elementor-element-c259347 e-flex e-con-boxed e-con e-parent\" data-id=\"c259347\" data-element_type=\"container\" data-e-type=\"container\">\n\t\t\t\t\t<div class=\"e-con-inner\">\n\t\t\t\t<div class=\"elementor-element elementor-element-2933803 elementor-widget elementor-widget-heading\" data-id=\"2933803\" data-element_type=\"widget\" data-e-type=\"widget\" data-widget_type=\"heading.default\">\n\t\t\t\t<div class=\"elementor-widget-container\">\n\t\t\t\t\t<h2 class=\"elementor-heading-title elementor-size-default\">II EXPOSICI\u00d3N DE PAISAJES EFEMEROS<\/h2>\t\t\t\t<\/div>\n\t\t\t\t<\/div>\n\t\t\t\t\t<\/div>\n\t\t\t\t<\/div>\n\t\t<div class=\"elementor-element elementor-element-bbc9838 e-flex e-con-boxed e-con e-parent\" data-id=\"bbc9838\" data-element_type=\"container\" data-e-type=\"container\">\n\t\t\t\t\t<div class=\"e-con-inner\">\n\t\t<div class=\"elementor-element elementor-element-7ddc35a e-con-full e-flex e-con e-child\" data-id=\"7ddc35a\" data-element_type=\"container\" data-e-type=\"container\">\n\t\t\t\t<div class=\"elementor-element elementor-element-892dba9 elementor-widget elementor-widget-image\" data-id=\"892dba9\" data-element_type=\"widget\" data-e-type=\"widget\" data-widget_type=\"image.default\">\n\t\t\t\t<div class=\"elementor-widget-container\">\n\t\t\t\t\t\t\t\t\t\t\t\t\t\t\t<img fetchpriority=\"high\" decoding=\"async\" width=\"1024\" height=\"683\" src=\"https:\/\/faemclm.es\/feriaxxix\/wp-content\/uploads\/2025\/03\/Recuerdos-de-Margaritas_FAEMCLM-2024-11-1024x683.jpg\" class=\"attachment-large size-large wp-image-7307\" alt=\"\" srcset=\"https:\/\/faemclm.es\/feriaxxix\/wp-content\/uploads\/2025\/03\/Recuerdos-de-Margaritas_FAEMCLM-2024-11-1024x683.jpg 1024w, https:\/\/faemclm.es\/feriaxxix\/wp-content\/uploads\/2025\/03\/Recuerdos-de-Margaritas_FAEMCLM-2024-11-300x200.jpg 300w, https:\/\/faemclm.es\/feriaxxix\/wp-content\/uploads\/2025\/03\/Recuerdos-de-Margaritas_FAEMCLM-2024-11-768x512.jpg 768w, https:\/\/faemclm.es\/feriaxxix\/wp-content\/uploads\/2025\/03\/Recuerdos-de-Margaritas_FAEMCLM-2024-11-1536x1024.jpg 1536w, https:\/\/faemclm.es\/feriaxxix\/wp-content\/uploads\/2025\/03\/Recuerdos-de-Margaritas_FAEMCLM-2024-11-2048x1365.jpg 2048w\" sizes=\"(max-width: 1024px) 100vw, 1024px\" \/>\t\t\t\t\t\t\t\t\t\t\t\t\t\t\t<\/div>\n\t\t\t\t<\/div>\n\t\t\t\t<\/div>\n\t\t<div class=\"elementor-element elementor-element-102a9fc e-con-full e-flex e-con e-child\" data-id=\"102a9fc\" data-element_type=\"container\" data-e-type=\"container\">\n\t\t\t\t<div class=\"elementor-element elementor-element-07d40b3 elementor-widget elementor-widget-text-editor\" data-id=\"07d40b3\" data-element_type=\"widget\" data-e-type=\"widget\" data-widget_type=\"text-editor.default\">\n\t\t\t\t<div class=\"elementor-widget-container\">\n\t\t\t\t\t\t\t\t\t<div><span style=\"font-style: inherit; font-weight: inherit; text-align: var(--text-align); background-color: var(--ast-global-color-4); color: var(--ast-global-color-3);\">ESCENARIOS EF\u00c9MEROS nos invita a sumergirnos en el coraz\u00f3n de la Feria de Artes Esc\u00e9nicas y musicales de Castilla-La Mancha a trav\u00e9s de una selecci\u00f3n cautivadora de fotograf\u00edas de su ultima edici\u00f3n celebrada en el 2024.&nbsp;<\/span><br><span style=\"font-style: inherit; font-weight: inherit; text-align: var(--text-align); background-color: var(--ast-global-color-4); color: var(--ast-global-color-3);\"><br><\/span><span style=\"font-style: inherit; font-weight: inherit; text-align: var(--text-align); background-color: var(--ast-global-color-4); color: var(--ast-global-color-3);\">Esta exposici\u00f3n es un homenaje a la vitalidad y el esp\u00edritu et\u00e9reo de las artes esc\u00e9nicas, capturando momentos de vida, suspiros y experiencias compartidas. A trav\u00e9s de estas im\u00e1genes, se revela la belleza de un sector tan ancestral como esencial, donde profesionales de la escena se congregan en un evento tan emblem\u00e1tico como lo es la tierra que inspir\u00f3 a Don Quijote a so\u00f1ar ser otro.&nbsp;<\/span><br><br><span style=\"font-style: inherit; font-weight: inherit; text-align: var(--text-align); background-color: var(--ast-global-color-4); color: var(--ast-global-color-3);\">Cada fotograf\u00eda es una ventana a historias contadas sin palabras, a emociones palpables y a la ef\u00edmera magia del teatro y la danza, donde cada acto, cada gesto, transmite un mensaje profundo sobre la existencia. \u2018Miradas Ef\u00edmeras\u2019 no es solo una exposici\u00f3n; es un viaje sensorial y emocional que celebra la capacidad de las artes esc\u00e9nicas de conmovernos, de transformarnos y de recordarnos la importancia de so\u00f1ar y de ser.\u00bb<\/span><\/div>\n<div>&nbsp;<\/div>\n<div>\n<p>Director Art\u00edstico de la Feria de Artes Esc\u00e9nicas y Musicales de Castilla La Mancha Antonio Campos<\/p><\/div>\t\t\t\t\t\t\t\t<\/div>\n\t\t\t\t<\/div>\n\t\t\t\t<div class=\"elementor-element elementor-element-ea15209 elementor-widget elementor-widget-text-editor\" data-id=\"ea15209\" data-element_type=\"widget\" data-e-type=\"widget\" data-widget_type=\"text-editor.default\">\n\t\t\t\t<div class=\"elementor-widget-container\">\n\t\t\t\t\t\t\t\t\t<p><strong>Fecha: <\/strong>del 2 al 12 de Abril.<\/p><p><strong>Lugar: <\/strong>SALA DE EXPOSICIONES DE LA CASA PERONA DELEGACION DE LA JCCM ||\u00a0Calle Feria 7 (Entrada por Callej\u00f3n de Las Portadas)<\/p>\t\t\t\t\t\t\t\t<\/div>\n\t\t\t\t<\/div>\n\t\t\t\t<\/div>\n\t\t\t\t\t<\/div>\n\t\t\t\t<\/div>\n\t\t<div class=\"elementor-element elementor-element-e9bb06b e-flex e-con-boxed e-con e-parent\" data-id=\"e9bb06b\" data-element_type=\"container\" data-e-type=\"container\">\n\t\t\t\t\t<div class=\"e-con-inner\">\n\t\t\t\t<div class=\"elementor-element elementor-element-40ac08b elementor-widget elementor-widget-google_maps\" data-id=\"40ac08b\" data-element_type=\"widget\" data-e-type=\"widget\" data-widget_type=\"google_maps.default\">\n\t\t\t\t<div class=\"elementor-widget-container\">\n\t\t\t\t\t\t\t<div class=\"elementor-custom-embed\">\n\t\t\t<iframe loading=\"lazy\"\n\t\t\t\t\tsrc=\"https:\/\/maps.google.com\/maps?q=C%2F%20Feria%2C%20702005%20Albacete&#038;t=m&#038;z=16&#038;output=embed&#038;iwloc=near\"\n\t\t\t\t\ttitle=\"C\/ Feria, 702005 Albacete\"\n\t\t\t\t\taria-label=\"C\/ Feria, 702005 Albacete\"\n\t\t\t><\/iframe>\n\t\t<\/div>\n\t\t\t\t\t\t<\/div>\n\t\t\t\t<\/div>\n\t\t\t\t\t<\/div>\n\t\t\t\t<\/div>\n\t\t\t\t<\/div>\n\t\t","protected":false},"excerpt":{"rendered":"<p>II EXPOSICI\u00d3N DE PAISAJES EFEMEROS ESCENARIOS EF\u00c9MEROS nos invita a sumergirnos en el coraz\u00f3n de la Feria de Artes Esc\u00e9nicas y musicales de Castilla-La Mancha a trav\u00e9s de una selecci\u00f3n [&hellip;]<\/p>\n","protected":false},"author":1,"featured_media":0,"parent":0,"menu_order":0,"comment_status":"closed","ping_status":"closed","template":"","meta":{"site-sidebar-layout":"no-sidebar","site-content-layout":"","ast-site-content-layout":"full-width-container","site-content-style":"default","site-sidebar-style":"default","ast-global-header-display":"","ast-banner-title-visibility":"","ast-main-header-display":"","ast-hfb-above-header-display":"","ast-hfb-below-header-display":"","ast-hfb-mobile-header-display":"","site-post-title":"disabled","ast-breadcrumbs-content":"","ast-featured-img":"disabled","footer-sml-layout":"","ast-disable-related-posts":"","theme-transparent-header-meta":"","adv-header-id-meta":"","stick-header-meta":"","header-above-stick-meta":"","header-main-stick-meta":"","header-below-stick-meta":"","astra-migrate-meta-layouts":"default","ast-page-background-enabled":"default","ast-page-background-meta":{"desktop":{"background-color":"var(--ast-global-color-5)","background-image":"","background-repeat":"repeat","background-position":"center center","background-size":"auto","background-attachment":"scroll","background-type":"","background-media":"","overlay-type":"","overlay-color":"","overlay-opacity":"","overlay-gradient":""},"tablet":{"background-color":"","background-image":"","background-repeat":"repeat","background-position":"center center","background-size":"auto","background-attachment":"scroll","background-type":"","background-media":"","overlay-type":"","overlay-color":"","overlay-opacity":"","overlay-gradient":""},"mobile":{"background-color":"","background-image":"","background-repeat":"repeat","background-position":"center center","background-size":"auto","background-attachment":"scroll","background-type":"","background-media":"","overlay-type":"","overlay-color":"","overlay-opacity":"","overlay-gradient":""}},"ast-content-background-meta":{"desktop":{"background-color":"var(--ast-global-color-4)","background-image":"","background-repeat":"repeat","background-position":"center center","background-size":"auto","background-attachment":"scroll","background-type":"","background-media":"","overlay-type":"","overlay-color":"","overlay-opacity":"","overlay-gradient":""},"tablet":{"background-color":"var(--ast-global-color-4)","background-image":"","background-repeat":"repeat","background-position":"center center","background-size":"auto","background-attachment":"scroll","background-type":"","background-media":"","overlay-type":"","overlay-color":"","overlay-opacity":"","overlay-gradient":""},"mobile":{"background-color":"var(--ast-global-color-4)","background-image":"","background-repeat":"repeat","background-position":"center center","background-size":"auto","background-attachment":"scroll","background-type":"","background-media":"","overlay-type":"","overlay-color":"","overlay-opacity":"","overlay-gradient":""}},"footnotes":""},"class_list":["post-7306","page","type-page","status-publish","hentry"],"_links":{"self":[{"href":"https:\/\/faemclm.es\/feriaxxix\/wp-json\/wp\/v2\/pages\/7306","targetHints":{"allow":["GET"]}}],"collection":[{"href":"https:\/\/faemclm.es\/feriaxxix\/wp-json\/wp\/v2\/pages"}],"about":[{"href":"https:\/\/faemclm.es\/feriaxxix\/wp-json\/wp\/v2\/types\/page"}],"author":[{"embeddable":true,"href":"https:\/\/faemclm.es\/feriaxxix\/wp-json\/wp\/v2\/users\/1"}],"replies":[{"embeddable":true,"href":"https:\/\/faemclm.es\/feriaxxix\/wp-json\/wp\/v2\/comments?post=7306"}],"version-history":[{"count":0,"href":"https:\/\/faemclm.es\/feriaxxix\/wp-json\/wp\/v2\/pages\/7306\/revisions"}],"wp:attachment":[{"href":"https:\/\/faemclm.es\/feriaxxix\/wp-json\/wp\/v2\/media?parent=7306"}],"curies":[{"name":"wp","href":"https:\/\/api.w.org\/{rel}","templated":true}]}}

II Exposición de paisajes efemeros

<div data-elementor-type="wp-page" data-elementor-id="7306" class="elementor elementor-7306" data-elementor-post-type="page">
				<div class="elementor-element elementor-element-c259347 e-flex e-con-boxed e-con e-parent" data-id="c259347" data-element_type="container" data-e-type="container">
					<div class="e-con-inner">
				<div class="elementor-element elementor-element-2933803 elementor-widget elementor-widget-heading" data-id="2933803" data-element_type="widget" data-e-type="widget" data-widget_type="heading.default">
				<div class="elementor-widget-container">
					<h2 class="elementor-heading-title elementor-size-default">II EXPOSICIÓN DE PAISAJES EFEMEROS</h2>				</div>
				</div>
					</div>
				</div>
		<div class="elementor-element elementor-element-bbc9838 e-flex e-con-boxed e-con e-parent" data-id="bbc9838" data-element_type="container" data-e-type="container">
					<div class="e-con-inner">
		<div class="elementor-element elementor-element-7ddc35a e-con-full e-flex e-con e-child" data-id="7ddc35a" data-element_type="container" data-e-type="container">
				<div class="elementor-element elementor-element-892dba9 elementor-widget elementor-widget-image" data-id="892dba9" data-element_type="widget" data-e-type="widget" data-widget_type="image.default">
				<div class="elementor-widget-container">
															<img fetchpriority="high" decoding="async" width="1024" height="683" src="https://faemclm.es/feriaxxix/wp-content/uploads/2025/03/Recuerdos-de-Margaritas_FAEMCLM-2024-11-1024x683.jpg" class="attachment-large size-large wp-image-7307" alt="" srcset="https://faemclm.es/feriaxxix/wp-content/uploads/2025/03/Recuerdos-de-Margaritas_FAEMCLM-2024-11-1024x683.jpg 1024w, https://faemclm.es/feriaxxix/wp-content/uploads/2025/03/Recuerdos-de-Margaritas_FAEMCLM-2024-11-300x200.jpg 300w, https://faemclm.es/feriaxxix/wp-content/uploads/2025/03/Recuerdos-de-Margaritas_FAEMCLM-2024-11-768x512.jpg 768w, https://faemclm.es/feriaxxix/wp-content/uploads/2025/03/Recuerdos-de-Margaritas_FAEMCLM-2024-11-1536x1024.jpg 1536w, https://faemclm.es/feriaxxix/wp-content/uploads/2025/03/Recuerdos-de-Margaritas_FAEMCLM-2024-11-2048x1365.jpg 2048w" sizes="(max-width: 1024px) 100vw, 1024px" />															</div>
				</div>
				</div>
		<div class="elementor-element elementor-element-102a9fc e-con-full e-flex e-con e-child" data-id="102a9fc" data-element_type="container" data-e-type="container">
				<div class="elementor-element elementor-element-07d40b3 elementor-widget elementor-widget-text-editor" data-id="07d40b3" data-element_type="widget" data-e-type="widget" data-widget_type="text-editor.default">
				<div class="elementor-widget-container">
									<div><span style="font-style: inherit; font-weight: inherit; text-align: var(--text-align); background-color: var(--ast-global-color-4); color: var(--ast-global-color-3);">ESCENARIOS EFÉMEROS nos invita a sumergirnos en el corazón de la Feria de Artes Escénicas y musicales de Castilla-La Mancha a través de una selección cautivadora de fotografías de su ultima edición celebrada en el 2024.&nbsp;</span><br><span style="font-style: inherit; font-weight: inherit; text-align: var(--text-align); background-color: var(--ast-global-color-4); color: var(--ast-global-color-3);"><br></span><span style="font-style: inherit; font-weight: inherit; text-align: var(--text-align); background-color: var(--ast-global-color-4); color: var(--ast-global-color-3);">Esta exposición es un homenaje a la vitalidad y el espíritu etéreo de las artes escénicas, capturando momentos de vida, suspiros y experiencias compartidas. A través de estas imágenes, se revela la belleza de un sector tan ancestral como esencial, donde profesionales de la escena se congregan en un evento tan emblemático como lo es la tierra que inspiró a Don Quijote a soñar ser otro.&nbsp;</span><br><br><span style="font-style: inherit; font-weight: inherit; text-align: var(--text-align); background-color: var(--ast-global-color-4); color: var(--ast-global-color-3);">Cada fotografía es una ventana a historias contadas sin palabras, a emociones palpables y a la efímera magia del teatro y la danza, donde cada acto, cada gesto, transmite un mensaje profundo sobre la existencia. ‘Miradas Efímeras’ no es solo una exposición; es un viaje sensorial y emocional que celebra la capacidad de las artes escénicas de conmovernos, de transformarnos y de recordarnos la importancia de soñar y de ser.»</span></div>
<div>&nbsp;</div>
<div>
<p>Director Artístico de la Feria de Artes Escénicas y Musicales de Castilla La Mancha Antonio Campos</p></div>								</div>
				</div>
				<div class="elementor-element elementor-element-ea15209 elementor-widget elementor-widget-text-editor" data-id="ea15209" data-element_type="widget" data-e-type="widget" data-widget_type="text-editor.default">
				<div class="elementor-widget-container">
									<p><strong>Fecha: </strong>del 2 al 12 de Abril.</p><p><strong>Lugar: </strong>SALA DE EXPOSICIONES DE LA CASA PERONA DELEGACION DE LA JCCM || Calle Feria 7 (Entrada por Callejón de Las Portadas)</p>								</div>
				</div>
				</div>
					</div>
				</div>
		<div class="elementor-element elementor-element-e9bb06b e-flex e-con-boxed e-con e-parent" data-id="e9bb06b" data-element_type="container" data-e-type="container">
					<div class="e-con-inner">
				<div class="elementor-element elementor-element-40ac08b elementor-widget elementor-widget-google_maps" data-id="40ac08b" data-element_type="widget" data-e-type="widget" data-widget_type="google_maps.default">
				<div class="elementor-widget-container">
							<div class="elementor-custom-embed">
			<iframe loading="lazy"
					src="https://maps.google.com/maps?q=C%2F%20Feria%2C%20702005%20Albacete&#038;t=m&#038;z=16&#038;output=embed&#038;iwloc=near"
					title="C/ Feria, 702005 Albacete"
					aria-label="C/ Feria, 702005 Albacete"
			></iframe>
		</div>
						</div>
				</div>
					</div>
				</div>
				</div>

<p>II EXPOSICIÓN DE PAISAJES EFEMEROS ESCENARIOS EFÉMEROS nos invita a sumergirnos en el corazón de la Feria de Artes Escénicas y musicales de Castilla-La Mancha a través de una selección [&hellip;]</p>
