{"id":7321,"date":"2025-03-05T12:44:03","date_gmt":"2025-03-05T11:44:03","guid":{"rendered":"https:\/\/faemclm.es\/?page_id=7321"},"modified":"2025-03-05T19:12:25","modified_gmt":"2025-03-05T18:12:25","slug":"showcase","status":"publish","type":"page","link":"https:\/\/faemclm.es\/feriaxxix\/showcase\/","title":{"rendered":"Showcase"},"content":{"rendered":"\t\t<div data-elementor-type=\"wp-page\" data-elementor-id=\"7321\" class=\"elementor elementor-7321\" data-elementor-post-type=\"page\">\n\t\t\t\t<div class=\"elementor-element elementor-element-d921ede e-flex e-con-boxed e-con e-parent\" data-id=\"d921ede\" data-element_type=\"container\" data-e-type=\"container\">\n\t\t\t\t\t<div class=\"e-con-inner\">\n\t\t\t\t<div class=\"elementor-element elementor-element-a052a6a elementor-widget elementor-widget-heading\" data-id=\"a052a6a\" data-element_type=\"widget\" data-e-type=\"widget\" data-widget_type=\"heading.default\">\n\t\t\t\t<div class=\"elementor-widget-container\">\n\t\t\t\t\t<h2 class=\"elementor-heading-title elementor-size-default\">SHOWCASE<\/h2>\t\t\t\t<\/div>\n\t\t\t\t<\/div>\n\t\t\t\t\t<\/div>\n\t\t\t\t<\/div>\n\t\t<div class=\"elementor-element elementor-element-c23b690 e-flex e-con-boxed e-con e-parent\" data-id=\"c23b690\" data-element_type=\"container\" data-e-type=\"container\">\n\t\t\t\t\t<div class=\"e-con-inner\">\n\t\t<div class=\"elementor-element elementor-element-74ca42a e-con-full e-flex e-con e-child\" data-id=\"74ca42a\" data-element_type=\"container\" data-e-type=\"container\">\n\t\t\t\t<div class=\"elementor-element elementor-element-f07cde8 elementor-widget elementor-widget-image\" data-id=\"f07cde8\" data-element_type=\"widget\" data-e-type=\"widget\" data-widget_type=\"image.default\">\n\t\t\t\t<div class=\"elementor-widget-container\">\n\t\t\t\t\t\t\t\t\t\t\t\t\t\t\t<img fetchpriority=\"high\" decoding=\"async\" width=\"1024\" height=\"1024\" src=\"https:\/\/faemclm.es\/feriaxxix\/wp-content\/uploads\/2025\/03\/showcase.webp\" class=\"attachment-large size-large wp-image-7323\" alt=\"\" srcset=\"https:\/\/faemclm.es\/feriaxxix\/wp-content\/uploads\/2025\/03\/showcase.webp 1024w, https:\/\/faemclm.es\/feriaxxix\/wp-content\/uploads\/2025\/03\/showcase-300x300.webp 300w, https:\/\/faemclm.es\/feriaxxix\/wp-content\/uploads\/2025\/03\/showcase-150x150.webp 150w, https:\/\/faemclm.es\/feriaxxix\/wp-content\/uploads\/2025\/03\/showcase-768x768.webp 768w\" sizes=\"(max-width: 1024px) 100vw, 1024px\" \/>\t\t\t\t\t\t\t\t\t\t\t\t\t\t\t<\/div>\n\t\t\t\t<\/div>\n\t\t\t\t<\/div>\n\t\t<div class=\"elementor-element elementor-element-4526a58 e-con-full e-flex e-con e-child\" data-id=\"4526a58\" data-element_type=\"container\" data-e-type=\"container\">\n\t\t\t\t<div class=\"elementor-element elementor-element-bbe70c1 elementor-widget elementor-widget-text-editor\" data-id=\"bbe70c1\" data-element_type=\"widget\" data-e-type=\"widget\" data-widget_type=\"text-editor.default\">\n\t\t\t\t<div class=\"elementor-widget-container\">\n\t\t\t\t\t\t\t\t\t<p>Las compa\u00f1\u00edas o distribuidores seleccionados podr\u00e1n exponer sus proyectos entre los d\u00edas 8 y 9 de abril de 11:15 a 13:45 ante los gestores asistentes.<\/p><p>\u00a0<\/p><p>Una oportunidad \u00fanica para que compa\u00f1\u00edas y creadores presenten sus proyectos ante programadores de espacios esc\u00e9nicos. Este encuentro est\u00e1 dise\u00f1ado como una plataforma de visibilidad y conexi\u00f3n profesional, donde los participantes podr\u00e1n exponer el alma de sus propuestas, compartir su visi\u00f3n art\u00edstica y generar nuevas oportunidades de exhibici\u00f3n y colaboraci\u00f3n.<\/p><p>\u00a0<\/p><p>Durante el showcase, cada compa\u00f1\u00eda dispondr\u00e1 de un tiempo determinado para presentar su espect\u00e1culo, combinando explicaci\u00f3n y muestra esc\u00e9nica, con el objetivo de captar el inter\u00e9s de los programadores y abrir puertas a futuras giras y contrataciones.<\/p><p>\u00a0<\/p><p>Un espacio de encuentro para el impulso de las artes esc\u00e9nicas, donde la creatividad y la gesti\u00f3n cultural se dan la mano para fomentar la circulaci\u00f3n y difusi\u00f3n de nuevas producciones.<\/p>\t\t\t\t\t\t\t\t<\/div>\n\t\t\t\t<\/div>\n\t\t\t\t<\/div>\n\t\t\t\t\t<\/div>\n\t\t\t\t<\/div>\n\t\t\t\t<\/div>\n\t\t","protected":false},"excerpt":{"rendered":"<p>SHOWCASE Las compa\u00f1\u00edas o distribuidores seleccionados podr\u00e1n exponer sus proyectos entre los d\u00edas 8 y 9 de abril de 11:15 a 13:45 ante los gestores asistentes. \u00a0 Una oportunidad \u00fanica [&hellip;]<\/p>\n","protected":false},"author":1,"featured_media":0,"parent":0,"menu_order":0,"comment_status":"closed","ping_status":"closed","template":"","meta":{"site-sidebar-layout":"no-sidebar","site-content-layout":"","ast-site-content-layout":"full-width-container","site-content-style":"default","site-sidebar-style":"default","ast-global-header-display":"","ast-banner-title-visibility":"","ast-main-header-display":"","ast-hfb-above-header-display":"","ast-hfb-below-header-display":"","ast-hfb-mobile-header-display":"","site-post-title":"disabled","ast-breadcrumbs-content":"","ast-featured-img":"disabled","footer-sml-layout":"","ast-disable-related-posts":"","theme-transparent-header-meta":"default","adv-header-id-meta":"","stick-header-meta":"","header-above-stick-meta":"","header-main-stick-meta":"","header-below-stick-meta":"","astra-migrate-meta-layouts":"set","ast-page-background-enabled":"default","ast-page-background-meta":{"desktop":{"background-color":"var(--ast-global-color-5)","background-image":"","background-repeat":"repeat","background-position":"center center","background-size":"auto","background-attachment":"scroll","background-type":"","background-media":"","overlay-type":"","overlay-color":"","overlay-opacity":"","overlay-gradient":""},"tablet":{"background-color":"","background-image":"","background-repeat":"repeat","background-position":"center center","background-size":"auto","background-attachment":"scroll","background-type":"","background-media":"","overlay-type":"","overlay-color":"","overlay-opacity":"","overlay-gradient":""},"mobile":{"background-color":"","background-image":"","background-repeat":"repeat","background-position":"center center","background-size":"auto","background-attachment":"scroll","background-type":"","background-media":"","overlay-type":"","overlay-color":"","overlay-opacity":"","overlay-gradient":""}},"ast-content-background-meta":{"desktop":{"background-color":"var(--ast-global-color-4)","background-image":"","background-repeat":"repeat","background-position":"center center","background-size":"auto","background-attachment":"scroll","background-type":"","background-media":"","overlay-type":"","overlay-color":"","overlay-opacity":"","overlay-gradient":""},"tablet":{"background-color":"var(--ast-global-color-4)","background-image":"","background-repeat":"repeat","background-position":"center center","background-size":"auto","background-attachment":"scroll","background-type":"","background-media":"","overlay-type":"","overlay-color":"","overlay-opacity":"","overlay-gradient":""},"mobile":{"background-color":"var(--ast-global-color-4)","background-image":"","background-repeat":"repeat","background-position":"center center","background-size":"auto","background-attachment":"scroll","background-type":"","background-media":"","overlay-type":"","overlay-color":"","overlay-opacity":"","overlay-gradient":""}},"footnotes":""},"class_list":["post-7321","page","type-page","status-publish","hentry"],"_links":{"self":[{"href":"https:\/\/faemclm.es\/feriaxxix\/wp-json\/wp\/v2\/pages\/7321","targetHints":{"allow":["GET"]}}],"collection":[{"href":"https:\/\/faemclm.es\/feriaxxix\/wp-json\/wp\/v2\/pages"}],"about":[{"href":"https:\/\/faemclm.es\/feriaxxix\/wp-json\/wp\/v2\/types\/page"}],"author":[{"embeddable":true,"href":"https:\/\/faemclm.es\/feriaxxix\/wp-json\/wp\/v2\/users\/1"}],"replies":[{"embeddable":true,"href":"https:\/\/faemclm.es\/feriaxxix\/wp-json\/wp\/v2\/comments?post=7321"}],"version-history":[{"count":0,"href":"https:\/\/faemclm.es\/feriaxxix\/wp-json\/wp\/v2\/pages\/7321\/revisions"}],"wp:attachment":[{"href":"https:\/\/faemclm.es\/feriaxxix\/wp-json\/wp\/v2\/media?parent=7321"}],"curies":[{"name":"wp","href":"https:\/\/api.w.org\/{rel}","templated":true}]}}

<div data-elementor-type="wp-page" data-elementor-id="7321" class="elementor elementor-7321" data-elementor-post-type="page">
				<div class="elementor-element elementor-element-d921ede e-flex e-con-boxed e-con e-parent" data-id="d921ede" data-element_type="container" data-e-type="container">
					<div class="e-con-inner">
				<div class="elementor-element elementor-element-a052a6a elementor-widget elementor-widget-heading" data-id="a052a6a" data-element_type="widget" data-e-type="widget" data-widget_type="heading.default">
				<div class="elementor-widget-container">
					<h2 class="elementor-heading-title elementor-size-default">SHOWCASE</h2>				</div>
				</div>
					</div>
				</div>
		<div class="elementor-element elementor-element-c23b690 e-flex e-con-boxed e-con e-parent" data-id="c23b690" data-element_type="container" data-e-type="container">
					<div class="e-con-inner">
		<div class="elementor-element elementor-element-74ca42a e-con-full e-flex e-con e-child" data-id="74ca42a" data-element_type="container" data-e-type="container">
				<div class="elementor-element elementor-element-f07cde8 elementor-widget elementor-widget-image" data-id="f07cde8" data-element_type="widget" data-e-type="widget" data-widget_type="image.default">
				<div class="elementor-widget-container">
															<img fetchpriority="high" decoding="async" width="1024" height="1024" src="https://faemclm.es/feriaxxix/wp-content/uploads/2025/03/showcase.webp" class="attachment-large size-large wp-image-7323" alt="" srcset="https://faemclm.es/feriaxxix/wp-content/uploads/2025/03/showcase.webp 1024w, https://faemclm.es/feriaxxix/wp-content/uploads/2025/03/showcase-300x300.webp 300w, https://faemclm.es/feriaxxix/wp-content/uploads/2025/03/showcase-150x150.webp 150w, https://faemclm.es/feriaxxix/wp-content/uploads/2025/03/showcase-768x768.webp 768w" sizes="(max-width: 1024px) 100vw, 1024px" />															</div>
				</div>
				</div>
		<div class="elementor-element elementor-element-4526a58 e-con-full e-flex e-con e-child" data-id="4526a58" data-element_type="container" data-e-type="container">
				<div class="elementor-element elementor-element-bbe70c1 elementor-widget elementor-widget-text-editor" data-id="bbe70c1" data-element_type="widget" data-e-type="widget" data-widget_type="text-editor.default">
				<div class="elementor-widget-container">
									<p>Las compañías o distribuidores seleccionados podrán exponer sus proyectos entre los días 8 y 9 de abril de 11:15 a 13:45 ante los gestores asistentes.</p><p> </p><p>Una oportunidad única para que compañías y creadores presenten sus proyectos ante programadores de espacios escénicos. Este encuentro está diseñado como una plataforma de visibilidad y conexión profesional, donde los participantes podrán exponer el alma de sus propuestas, compartir su visión artística y generar nuevas oportunidades de exhibición y colaboración.</p><p> </p><p>Durante el showcase, cada compañía dispondrá de un tiempo determinado para presentar su espectáculo, combinando explicación y muestra escénica, con el objetivo de captar el interés de los programadores y abrir puertas a futuras giras y contrataciones.</p><p> </p><p>Un espacio de encuentro para el impulso de las artes escénicas, donde la creatividad y la gestión cultural se dan la mano para fomentar la circulación y difusión de nuevas producciones.</p>								</div>
				</div>
				</div>
					</div>
				</div>
				</div>

<p>SHOWCASE Las compañías o distribuidores seleccionados podrán exponer sus proyectos entre los días 8 y 9 de abril de 11:15 a 13:45 ante los gestores asistentes.   Una oportunidad única [&hellip;]</p>
