{"id":3308,"date":"2022-10-17T18:31:55","date_gmt":"2022-10-17T16:31:55","guid":{"rendered":"https:\/\/faemclm.es\/feriaxxvi\/?page_id=3308"},"modified":"2023-03-06T12:38:08","modified_gmt":"2023-03-06T11:38:08","slug":"taller","status":"publish","type":"page","link":"https:\/\/faemclm.es\/feriaxxvi\/taller\/","title":{"rendered":"Taller"},"content":{"rendered":"\t\t<div data-elementor-type=\"wp-page\" data-elementor-id=\"3308\" class=\"elementor elementor-3308\">\n\t\t\t\t\t\t<section class=\"elementor-section elementor-top-section elementor-element elementor-element-64f02e2e elementor-section-boxed elementor-section-height-default elementor-section-height-default\" data-id=\"64f02e2e\" data-element_type=\"section\" data-e-type=\"section\">\n\t\t\t\t\t\t<div class=\"elementor-container elementor-column-gap-extended\">\n\t\t\t\t\t<div class=\"elementor-column elementor-col-100 elementor-top-column elementor-element elementor-element-29e75c29 sc_layouts_column_icons_position_left\" data-id=\"29e75c29\" data-element_type=\"column\" data-e-type=\"column\">\n\t\t\t<div class=\"elementor-widget-wrap elementor-element-populated\">\n\t\t\t\t\t\t<div class=\"elementor-element elementor-element-1a6f287 elementor-widget elementor-widget-trx_sc_title\" data-id=\"1a6f287\" data-element_type=\"widget\" data-e-type=\"widget\" data-widget_type=\"trx_sc_title.default\">\n\t\t\t\t<div class=\"elementor-widget-container\">\n\t\t\t\t\t<div id=\"trx_sc_title_512005937\"\n\t\tclass=\"sc_title color_style_default sc_title_default\"><h2 class=\"sc_item_title sc_title_title sc_align_center sc_item_title_style_default\">Programaci\u00f3n y creaci\u00f3n de p\u00fablicos a trav\u00e9s del circo<\/h2><\/div><!-- \/.sc_title -->\t\t\t\t<\/div>\n\t\t\t\t<\/div>\n\t\t\t\t\t<\/div>\n\t\t<\/div>\n\t\t\t\t\t<\/div>\n\t\t<\/section>\n\t\t\t\t<section class=\"elementor-section elementor-top-section elementor-element elementor-element-d70b848 elementor-section-boxed elementor-section-height-default elementor-section-height-default\" data-id=\"d70b848\" data-element_type=\"section\" data-e-type=\"section\">\n\t\t\t\t\t\t<div class=\"elementor-container elementor-column-gap-extended\">\n\t\t\t\t\t<div class=\"elementor-column elementor-col-100 elementor-top-column elementor-element elementor-element-945283e sc_layouts_column_icons_position_left\" data-id=\"945283e\" data-element_type=\"column\" data-e-type=\"column\">\n\t\t\t<div class=\"elementor-widget-wrap elementor-element-populated\">\n\t\t\t\t\t\t<div class=\"elementor-element elementor-element-a584dbc elementor-widget elementor-widget-spacer\" data-id=\"a584dbc\" data-element_type=\"widget\" data-e-type=\"widget\" data-widget_type=\"spacer.default\">\n\t\t\t\t<div class=\"elementor-widget-container\">\n\t\t\t\t\t\t\t<div class=\"elementor-spacer\">\n\t\t\t<div class=\"elementor-spacer-inner\"><\/div>\n\t\t<\/div>\n\t\t\t\t\t\t<\/div>\n\t\t\t\t<\/div>\n\t\t\t\t\t<\/div>\n\t\t<\/div>\n\t\t\t\t\t<\/div>\n\t\t<\/section>\n\t\t\t\t<section class=\"elementor-section elementor-top-section elementor-element elementor-element-907131c elementor-section-boxed elementor-section-height-default elementor-section-height-default\" data-id=\"907131c\" data-element_type=\"section\" data-e-type=\"section\">\n\t\t\t\t\t\t<div class=\"elementor-container elementor-column-gap-extended\">\n\t\t\t\t\t<div class=\"elementor-column elementor-col-100 elementor-top-column elementor-element elementor-element-5d10d0c sc_layouts_column_icons_position_left\" data-id=\"5d10d0c\" data-element_type=\"column\" data-e-type=\"column\">\n\t\t\t<div class=\"elementor-widget-wrap elementor-element-populated\">\n\t\t\t\t\t\t<div class=\"elementor-element elementor-element-0a34310 elementor-widget elementor-widget-text-editor\" data-id=\"0a34310\" data-element_type=\"widget\" data-e-type=\"widget\" data-widget_type=\"text-editor.default\">\n\t\t\t\t<div class=\"elementor-widget-container\">\n\t\t\t\t\t\t\t\t\t<p>Organiza: <strong>Viceconsejeria de Cultura y Deportes<\/strong> \/ Colabora: <strong>ARTEC<\/strong>, <strong>COFAE<\/strong><\/p><p>Se celebrara en la Casa de la Cultura Jose Saramago el Martes 8 de noviembre a las 08:30 h<\/p><p><strong>Duraci\u00f3n:<\/strong>\u00a04 horas con descanso.<\/p>\t\t\t\t\t\t\t\t<\/div>\n\t\t\t\t<\/div>\n\t\t\t\t\t<\/div>\n\t\t<\/div>\n\t\t\t\t\t<\/div>\n\t\t<\/section>\n\t\t\t\t<section class=\"elementor-section elementor-top-section elementor-element elementor-element-d9316c9 elementor-section-boxed elementor-section-height-default elementor-section-height-default\" data-id=\"d9316c9\" data-element_type=\"section\" data-e-type=\"section\">\n\t\t\t\t\t\t<div class=\"elementor-container elementor-column-gap-extended\">\n\t\t\t\t\t<div class=\"elementor-column elementor-col-100 elementor-top-column elementor-element elementor-element-1660692 sc_layouts_column_icons_position_left\" data-id=\"1660692\" data-element_type=\"column\" data-e-type=\"column\">\n\t\t\t<div class=\"elementor-widget-wrap elementor-element-populated\">\n\t\t\t\t\t\t<div class=\"elementor-element elementor-element-2c34b3c elementor-widget elementor-widget-spacer\" data-id=\"2c34b3c\" data-element_type=\"widget\" data-e-type=\"widget\" data-widget_type=\"spacer.default\">\n\t\t\t\t<div class=\"elementor-widget-container\">\n\t\t\t\t\t\t\t<div class=\"elementor-spacer\">\n\t\t\t<div class=\"elementor-spacer-inner\"><\/div>\n\t\t<\/div>\n\t\t\t\t\t\t<\/div>\n\t\t\t\t<\/div>\n\t\t\t\t\t<\/div>\n\t\t<\/div>\n\t\t\t\t\t<\/div>\n\t\t<\/section>\n\t\t\t\t<section class=\"elementor-section elementor-top-section elementor-element elementor-element-d727a70 elementor-section-boxed elementor-section-height-default elementor-section-height-default\" data-id=\"d727a70\" data-element_type=\"section\" data-e-type=\"section\">\n\t\t\t\t\t\t<div class=\"elementor-container elementor-column-gap-extended\">\n\t\t\t\t\t<div class=\"elementor-column elementor-col-33 elementor-top-column elementor-element elementor-element-b28f5f3 sc_layouts_column_icons_position_left\" data-id=\"b28f5f3\" data-element_type=\"column\" data-e-type=\"column\">\n\t\t\t<div class=\"elementor-widget-wrap elementor-element-populated\">\n\t\t\t\t\t\t<div class=\"elementor-element elementor-element-07249e8 elementor-widget elementor-widget-image\" data-id=\"07249e8\" data-element_type=\"widget\" data-e-type=\"widget\" data-widget_type=\"image.default\">\n\t\t\t\t<div class=\"elementor-widget-container\">\n\t\t\t\t\t\t\t\t\t\t\t\t\t\t\t<img fetchpriority=\"high\" decoding=\"async\" width=\"720\" height=\"1024\" src=\"https:\/\/faemclm.es\/feriaxxvi\/wp-content\/uploads\/2022\/10\/Cartel-taller.jpg\" class=\"attachment-full size-full wp-image-3310\" alt=\"\" srcset=\"https:\/\/faemclm.es\/feriaxxvi\/wp-content\/uploads\/2022\/10\/Cartel-taller.jpg 720w, https:\/\/faemclm.es\/feriaxxvi\/wp-content\/uploads\/2022\/10\/Cartel-taller-211x300.jpg 211w, https:\/\/faemclm.es\/feriaxxvi\/wp-content\/uploads\/2022\/10\/Cartel-taller-370x526.jpg 370w, https:\/\/faemclm.es\/feriaxxvi\/wp-content\/uploads\/2022\/10\/Cartel-taller-406x577.jpg 406w\" sizes=\"(max-width: 720px) 100vw, 720px\" \/>\t\t\t\t\t\t\t\t\t\t\t\t\t\t\t<\/div>\n\t\t\t\t<\/div>\n\t\t\t\t\t<\/div>\n\t\t<\/div>\n\t\t\t\t<div class=\"elementor-column elementor-col-66 elementor-top-column elementor-element elementor-element-7bce64e sc_layouts_column_icons_position_left\" data-id=\"7bce64e\" data-element_type=\"column\" data-e-type=\"column\">\n\t\t\t<div class=\"elementor-widget-wrap elementor-element-populated\">\n\t\t\t\t\t\t<div class=\"elementor-element elementor-element-9d81547 elementor-widget elementor-widget-text-editor\" data-id=\"9d81547\" data-element_type=\"widget\" data-e-type=\"widget\" data-widget_type=\"text-editor.default\">\n\t\t\t\t<div class=\"elementor-widget-container\">\n\t\t\t\t\t\t\t\t\t<p>El circo, como g\u00e9nero esc\u00e9nico, se encuentra en un estado de crecimiento, en cuanto a iniciativas de visibilizaci\u00f3n sectorial, en su inclusi\u00f3n en programaciones en ferias, festivales y temporadas, y en el reconocimiento por parte de los p\u00fablicos. Esta eclosi\u00f3n de las artes circenses actuales puede ayudar a explorar v\u00edas de innovaci\u00f3n en la convocatoria y relaci\u00f3n con p\u00fablicos. En este taller pondremos en com\u00fan cu\u00e1les son nuestras condiciones de programaci\u00f3n, las expectativas y experiencias relacionadas con la programaci\u00f3n en circo. Realizaremos un breve repaso hist\u00f3rico sobre la evoluci\u00f3n del g\u00e9nero circense y un mapeo de los focos principales de actividad circense en el Estado espa\u00f1ol. Analizaremos la convocatoria y mediaci\u00f3n con p\u00fablicos para circo con ejemplos pr\u00e1cticos.<br \/><br \/>Mar\u00eda Folguera es escritora, dramaturga, directora de escena y gestora cultural. Desde 2018 es directora art\u00edstica del Teatro Circo Price de Madrid. Ha coordinado distintos proyectos de creaci\u00f3n y producci\u00f3n circense y ha participado como invitada en proyectos internacionales sobre gesti\u00f3n en circo. Como autora teatral, en 2022 estrenar\u00e1 Safo junto a Christina Rosenvinge y Marta Pazos. Entre sus \u00faltimos trabajos est\u00e1 el d\u00edptico Sendero Fort\u00fan para el Centro Dram\u00e1tico Nacional, con la direcci\u00f3n de Celia en la Revoluci\u00f3n (2019) y la direcci\u00f3n y escritura de Elena Fort\u00fan (2020). Otros proyectos son la adaptaci\u00f3n de dos Novelas ejemplares de Cervantes para el Festival Gigante de Madrid (2020-2021), La guerra seg\u00fan Santa Teresa para el Festival de Oto\u00f1o de Madrid 2018, La blanca (Cervantes Theatre de Londres, 2918), o Hilo debajo del agua (Premio Valle-Incl\u00e1n de Textos Teatrales 2009). Ha presentado espect\u00e1culos en Alemania, Inglaterra y Estados Unidos. Estudi\u00f3 Direcci\u00f3n de Escena en la RESAD y Teor\u00eda de la Literatura y Literatura Comparada en la Universidad Complutense. Como narradora, ha publicado en 2021 su tercera novela, Hermana. (Placer) en Alianza. Ha recibido distintos premios de narrativa y teatro.<\/p>\t\t\t\t\t\t\t\t<\/div>\n\t\t\t\t<\/div>\n\t\t\t\t\t<\/div>\n\t\t<\/div>\n\t\t\t\t\t<\/div>\n\t\t<\/section>\n\t\t\t\t<section class=\"elementor-section elementor-top-section elementor-element elementor-element-170967e elementor-section-boxed elementor-section-height-default elementor-section-height-default\" data-id=\"170967e\" data-element_type=\"section\" data-e-type=\"section\">\n\t\t\t\t\t\t<div class=\"elementor-container elementor-column-gap-extended\">\n\t\t\t\t\t<div class=\"elementor-column elementor-col-100 elementor-top-column elementor-element elementor-element-60110ec sc_layouts_column_icons_position_left\" data-id=\"60110ec\" data-element_type=\"column\" data-e-type=\"column\">\n\t\t\t<div class=\"elementor-widget-wrap elementor-element-populated\">\n\t\t\t\t\t\t<div class=\"elementor-element elementor-element-26c210a elementor-widget elementor-widget-spacer\" data-id=\"26c210a\" data-element_type=\"widget\" data-e-type=\"widget\" data-widget_type=\"spacer.default\">\n\t\t\t\t<div class=\"elementor-widget-container\">\n\t\t\t\t\t\t\t<div class=\"elementor-spacer\">\n\t\t\t<div class=\"elementor-spacer-inner\"><\/div>\n\t\t<\/div>\n\t\t\t\t\t\t<\/div>\n\t\t\t\t<\/div>\n\t\t\t\t\t<\/div>\n\t\t<\/div>\n\t\t\t\t\t<\/div>\n\t\t<\/section>\n\t\t\t\t<section class=\"elementor-section elementor-top-section elementor-element elementor-element-ccaa3c0 elementor-section-content-middle elementor-section-boxed elementor-section-height-default elementor-section-height-default\" data-id=\"ccaa3c0\" data-element_type=\"section\" data-e-type=\"section\">\n\t\t\t\t\t\t<div class=\"elementor-container elementor-column-gap-extended\">\n\t\t\t\t\t<div class=\"elementor-column elementor-col-33 elementor-top-column elementor-element elementor-element-da0aeab sc_layouts_column_icons_position_left\" data-id=\"da0aeab\" data-element_type=\"column\" data-e-type=\"column\">\n\t\t\t<div class=\"elementor-widget-wrap elementor-element-populated\">\n\t\t\t\t\t\t<div class=\"elementor-element elementor-element-753c82b elementor-widget elementor-widget-image\" data-id=\"753c82b\" data-element_type=\"widget\" data-e-type=\"widget\" data-widget_type=\"image.default\">\n\t\t\t\t<div class=\"elementor-widget-container\">\n\t\t\t\t\t\t\t\t\t\t\t\t\t\t\t<img decoding=\"async\" width=\"240\" height=\"150\" src=\"https:\/\/faemclm.es\/feriaxxvi\/wp-content\/uploads\/2022\/10\/clm.png\" class=\"attachment-large size-large wp-image-3508\" alt=\"\" \/>\t\t\t\t\t\t\t\t\t\t\t\t\t\t\t<\/div>\n\t\t\t\t<\/div>\n\t\t\t\t\t<\/div>\n\t\t<\/div>\n\t\t\t\t<div class=\"elementor-column elementor-col-33 elementor-top-column elementor-element elementor-element-69cde2e sc_layouts_column_icons_position_left\" data-id=\"69cde2e\" data-element_type=\"column\" data-e-type=\"column\">\n\t\t\t<div class=\"elementor-widget-wrap elementor-element-populated\">\n\t\t\t\t\t\t<div class=\"elementor-element elementor-element-12337c2 elementor-widget elementor-widget-image\" data-id=\"12337c2\" data-element_type=\"widget\" data-e-type=\"widget\" data-widget_type=\"image.default\">\n\t\t\t\t<div class=\"elementor-widget-container\">\n\t\t\t\t\t\t\t\t\t\t\t\t\t\t\t<img decoding=\"async\" width=\"240\" height=\"150\" src=\"https:\/\/faemclm.es\/feriaxxvi\/wp-content\/uploads\/2022\/10\/40eclm.png\" class=\"attachment-large size-large wp-image-3507\" alt=\"\" \/>\t\t\t\t\t\t\t\t\t\t\t\t\t\t\t<\/div>\n\t\t\t\t<\/div>\n\t\t\t\t\t<\/div>\n\t\t<\/div>\n\t\t\t\t<div class=\"elementor-column elementor-col-33 elementor-top-column elementor-element elementor-element-041b034 sc_layouts_column_icons_position_left\" data-id=\"041b034\" data-element_type=\"column\" data-e-type=\"column\">\n\t\t\t<div class=\"elementor-widget-wrap elementor-element-populated\">\n\t\t\t\t\t\t<div class=\"elementor-element elementor-element-4991a10 elementor-widget elementor-widget-image\" data-id=\"4991a10\" data-element_type=\"widget\" data-e-type=\"widget\" data-widget_type=\"image.default\">\n\t\t\t\t<div class=\"elementor-widget-container\">\n\t\t\t\t\t\t\t\t\t\t\t\t\t\t\t<img loading=\"lazy\" decoding=\"async\" width=\"300\" height=\"150\" src=\"https:\/\/faemclm.es\/feriaxxvi\/wp-content\/uploads\/2022\/10\/cultpatri.png\" class=\"attachment-large size-large wp-image-3509\" alt=\"\" srcset=\"https:\/\/faemclm.es\/feriaxxvi\/wp-content\/uploads\/2022\/10\/cultpatri.png 300w, https:\/\/faemclm.es\/feriaxxvi\/wp-content\/uploads\/2022\/10\/cultpatri-297x150.png 297w\" sizes=\"(max-width: 300px) 100vw, 300px\" \/>\t\t\t\t\t\t\t\t\t\t\t\t\t\t\t<\/div>\n\t\t\t\t<\/div>\n\t\t\t\t\t<\/div>\n\t\t<\/div>\n\t\t\t\t\t<\/div>\n\t\t<\/section>\n\t\t\t\t<section class=\"elementor-section elementor-top-section elementor-element elementor-element-40afa0d elementor-section-boxed elementor-section-height-default elementor-section-height-default\" data-id=\"40afa0d\" data-element_type=\"section\" data-e-type=\"section\">\n\t\t\t\t\t\t<div class=\"elementor-container elementor-column-gap-extended\">\n\t\t\t\t\t<div class=\"elementor-column elementor-col-100 elementor-top-column elementor-element elementor-element-4445e06 sc_layouts_column_icons_position_left\" data-id=\"4445e06\" data-element_type=\"column\" data-e-type=\"column\">\n\t\t\t<div class=\"elementor-widget-wrap elementor-element-populated\">\n\t\t\t\t\t\t<div class=\"elementor-element elementor-element-f92de5f elementor-widget elementor-widget-spacer\" data-id=\"f92de5f\" data-element_type=\"widget\" data-e-type=\"widget\" data-widget_type=\"spacer.default\">\n\t\t\t\t<div class=\"elementor-widget-container\">\n\t\t\t\t\t\t\t<div class=\"elementor-spacer\">\n\t\t\t<div class=\"elementor-spacer-inner\"><\/div>\n\t\t<\/div>\n\t\t\t\t\t\t<\/div>\n\t\t\t\t<\/div>\n\t\t\t\t\t<\/div>\n\t\t<\/div>\n\t\t\t\t\t<\/div>\n\t\t<\/section>\n\t\t\t\t<section class=\"elementor-section elementor-top-section elementor-element elementor-element-9fc311b elementor-section-content-middle elementor-section-boxed elementor-section-height-default elementor-section-height-default\" data-id=\"9fc311b\" data-element_type=\"section\" data-e-type=\"section\">\n\t\t\t\t\t\t<div class=\"elementor-container elementor-column-gap-extended\">\n\t\t\t\t\t<div class=\"elementor-column elementor-col-33 elementor-top-column elementor-element elementor-element-8249c5f sc_layouts_column_icons_position_left\" data-id=\"8249c5f\" data-element_type=\"column\" data-e-type=\"column\">\n\t\t\t<div class=\"elementor-widget-wrap elementor-element-populated\">\n\t\t\t\t\t\t<div class=\"elementor-element elementor-element-2aed1cc elementor-widget elementor-widget-image\" data-id=\"2aed1cc\" data-element_type=\"widget\" data-e-type=\"widget\" data-widget_type=\"image.default\">\n\t\t\t\t<div class=\"elementor-widget-container\">\n\t\t\t\t\t\t\t\t\t\t\t\t\t\t\t<img loading=\"lazy\" decoding=\"async\" width=\"270\" height=\"135\" src=\"https:\/\/faemclm.es\/feriaxxvi\/wp-content\/uploads\/2022\/10\/cofaergb.png\" class=\"attachment-large size-large wp-image-3312\" alt=\"\" \/>\t\t\t\t\t\t\t\t\t\t\t\t\t\t\t<\/div>\n\t\t\t\t<\/div>\n\t\t\t\t\t<\/div>\n\t\t<\/div>\n\t\t\t\t<div class=\"elementor-column elementor-col-33 elementor-top-column elementor-element elementor-element-8181039 sc_layouts_column_icons_position_left\" data-id=\"8181039\" data-element_type=\"column\" data-e-type=\"column\">\n\t\t\t<div class=\"elementor-widget-wrap elementor-element-populated\">\n\t\t\t\t\t\t<div class=\"elementor-element elementor-element-74bab72 elementor-widget elementor-widget-image\" data-id=\"74bab72\" data-element_type=\"widget\" data-e-type=\"widget\" data-widget_type=\"image.default\">\n\t\t\t\t<div class=\"elementor-widget-container\">\n\t\t\t\t\t\t\t\t\t\t\t\t\t\t\t<img loading=\"lazy\" decoding=\"async\" width=\"1024\" height=\"180\" src=\"https:\/\/faemclm.es\/feriaxxvi\/wp-content\/uploads\/2022\/10\/LOGO_MCD_INAEM-1024x180.png\" class=\"attachment-large size-large wp-image-3394\" alt=\"\" srcset=\"https:\/\/faemclm.es\/feriaxxvi\/wp-content\/uploads\/2022\/10\/LOGO_MCD_INAEM-1024x180.png 1024w, https:\/\/faemclm.es\/feriaxxvi\/wp-content\/uploads\/2022\/10\/LOGO_MCD_INAEM-300x53.png 300w, https:\/\/faemclm.es\/feriaxxvi\/wp-content\/uploads\/2022\/10\/LOGO_MCD_INAEM-768x135.png 768w, https:\/\/faemclm.es\/feriaxxvi\/wp-content\/uploads\/2022\/10\/LOGO_MCD_INAEM-1536x269.png 1536w, https:\/\/faemclm.es\/feriaxxvi\/wp-content\/uploads\/2022\/10\/LOGO_MCD_INAEM-370x65.png 370w, https:\/\/faemclm.es\/feriaxxvi\/wp-content\/uploads\/2022\/10\/LOGO_MCD_INAEM-812x142.png 812w, https:\/\/faemclm.es\/feriaxxvi\/wp-content\/uploads\/2022\/10\/LOGO_MCD_INAEM-406x71.png 406w, https:\/\/faemclm.es\/feriaxxvi\/wp-content\/uploads\/2022\/10\/LOGO_MCD_INAEM.png 2025w\" sizes=\"(max-width: 1024px) 100vw, 1024px\" \/>\t\t\t\t\t\t\t\t\t\t\t\t\t\t\t<\/div>\n\t\t\t\t<\/div>\n\t\t\t\t\t<\/div>\n\t\t<\/div>\n\t\t\t\t<div class=\"elementor-column elementor-col-33 elementor-top-column elementor-element elementor-element-c8514ac sc_layouts_column_icons_position_left\" data-id=\"c8514ac\" data-element_type=\"column\" data-e-type=\"column\">\n\t\t\t<div class=\"elementor-widget-wrap elementor-element-populated\">\n\t\t\t\t\t\t<div class=\"elementor-element elementor-element-e12e300 elementor-widget elementor-widget-image\" data-id=\"e12e300\" data-element_type=\"widget\" data-e-type=\"widget\" data-widget_type=\"image.default\">\n\t\t\t\t<div class=\"elementor-widget-container\">\n\t\t\t\t\t\t\t\t\t\t\t\t\t\t\t<img decoding=\"async\" src=\"https:\/\/faemclm.es\/wp-content\/uploads\/2022\/10\/artc.jpg\" title=\"\" alt=\"\" loading=\"lazy\" \/>\t\t\t\t\t\t\t\t\t\t\t\t\t\t\t<\/div>\n\t\t\t\t<\/div>\n\t\t\t\t\t<\/div>\n\t\t<\/div>\n\t\t\t\t\t<\/div>\n\t\t<\/section>\n\t\t\t\t<\/div>\n\t\t","protected":false},"excerpt":{"rendered":"<p>Programaci\u00f3n y creaci\u00f3n de p\u00fablicos a trav\u00e9s del circo Organiza: Viceconsejeria de Cultura y Deportes \/ Colabora: ARTEC, COFAE Se celebrara en la Casa de la Cultura Jose Saramago el Martes 8 de noviembre a&hellip;<\/p>\n","protected":false},"author":1,"featured_media":0,"parent":0,"menu_order":0,"comment_status":"closed","ping_status":"closed","template":"","meta":{"footnotes":""},"class_list":["post-3308","page","type-page","status-publish","hentry"],"_links":{"self":[{"href":"https:\/\/faemclm.es\/feriaxxvi\/wp-json\/wp\/v2\/pages\/3308","targetHints":{"allow":["GET"]}}],"collection":[{"href":"https:\/\/faemclm.es\/feriaxxvi\/wp-json\/wp\/v2\/pages"}],"about":[{"href":"https:\/\/faemclm.es\/feriaxxvi\/wp-json\/wp\/v2\/types\/page"}],"author":[{"embeddable":true,"href":"https:\/\/faemclm.es\/feriaxxvi\/wp-json\/wp\/v2\/users\/1"}],"replies":[{"embeddable":true,"href":"https:\/\/faemclm.es\/feriaxxvi\/wp-json\/wp\/v2\/comments?post=3308"}],"version-history":[{"count":0,"href":"https:\/\/faemclm.es\/feriaxxvi\/wp-json\/wp\/v2\/pages\/3308\/revisions"}],"wp:attachment":[{"href":"https:\/\/faemclm.es\/feriaxxvi\/wp-json\/wp\/v2\/media?parent=3308"}],"curies":[{"name":"wp","href":"https:\/\/api.w.org\/{rel}","templated":true}]}}