{"id":2760,"date":"2022-10-11T17:34:24","date_gmt":"2022-10-11T15:34:24","guid":{"rendered":"https:\/\/faemclm.es\/?page_id=2760"},"modified":"2022-10-11T17:45:58","modified_gmt":"2022-10-11T15:45:58","slug":"politica-de-privacidad","status":"publish","type":"page","link":"https:\/\/faemclm.es\/feriaxxvii\/politica-de-privacidad\/","title":{"rendered":"Pol\u00edtica de privacidad"},"content":{"rendered":"\t\t<div data-elementor-type=\"wp-page\" data-elementor-id=\"2760\" class=\"elementor elementor-2760\">\n\t\t\t\t<br \/>\n<b>Warning<\/b>:  Undefined array key \"options\" in <b>\/srv\/vhost\/faemclm.es\/home\/html\/feriaxxvii\/wp-content\/plugins\/trx_addons\/components\/api\/elementor\/elementor.php<\/b> on line <b>1042<\/b><br \/>\n\t\t<section class=\"elementor-section elementor-top-section elementor-element elementor-element-4c6673f elementor-section-boxed elementor-section-height-default elementor-section-height-default\" data-id=\"4c6673f\" data-element_type=\"section\">\n\t\t\t\t\t\t<div class=\"elementor-container elementor-column-gap-extended\">\n\t\t\t\t\t<div class=\"elementor-column elementor-col-100 elementor-top-column elementor-element elementor-element-4e9900d sc_layouts_column_icons_position_left\" data-id=\"4e9900d\" data-element_type=\"column\">\n\t\t\t<div class=\"elementor-widget-wrap elementor-element-populated\">\n\t\t\t\t\t\t<div class=\"elementor-element elementor-element-7d10d1c elementor-widget elementor-widget-text-editor\" data-id=\"7d10d1c\" data-element_type=\"widget\" data-widget_type=\"text-editor.default\">\n\t\t\t\t<div class=\"elementor-widget-container\">\n\t\t\t\t\t\t\t\t\t<ol><li><strong>Informaci\u00f3n b\u00e1sica<\/strong><\/li><\/ol><table style=\"height: 341px;\" width=\"100%\"><tbody><tr><td width=\"102\">Responsable<\/td><td width=\"475\">Fundaci\u00f3n Impulsa Castilla-La Mancha<\/td><\/tr><tr><td width=\"102\">Finalidad<\/td><td width=\"475\">Participaci\u00f3n del usuario en la XXVI Feria de las Artes Esc\u00e9nicas y Musicales de Castilla-La Mancha, as\u00ed como gesti\u00f3n de comunicaciones y consultas realizadas a trav\u00e9s del Sitio Web.<\/td><\/tr><tr><td width=\"102\">Legitimaci\u00f3n<\/td><td width=\"475\">Consentimiento\u00a0<strong>de la persona interesada.<\/strong><\/td><\/tr><tr><td width=\"102\">Destinatarios<\/td><td width=\"475\">Salvo obligaci\u00f3n legal, no se ceder\u00e1n datos a terceros.<\/td><\/tr><tr><td width=\"102\">Derechos<\/td><td width=\"475\">Acceso, rectificaci\u00f3n, supresi\u00f3n, oposici\u00f3n, as\u00ed como portabilidad y limitaci\u00f3n del tratamiento.<\/td><\/tr><tr><td width=\"102\">Informaci\u00f3n adicional<\/td><td width=\"475\">Consulte la\u00a0<strong><u>Pol\u00edtica de Privacidad.<\/u><\/strong><\/td><\/tr><\/tbody><\/table><p><strong>\u00a0<\/strong><\/p><ol start=\"2\"><li><strong>Informaci\u00f3n adicional<\/strong><\/li><\/ol><p>A trav\u00e9s de la presente Pol\u00edtica de Privacidad se regula el tratamiento de datos personales que usted facilita a trav\u00e9s del Sitio Web\u00a0<a href=\"http:\/\/www.faemclm.es\/\">www.faemclm.es<\/a>\u00a0(el \u201c<strong>Sitio Web<\/strong>\u201d), que Fundaci\u00f3n Impulsa Castilla-La Mancha (\u201c<strong>Fundaci\u00f3n Impulsa CLM<\/strong>\u201d) pone a su disposici\u00f3n. La utilizaci\u00f3n del Sitio Web implica su aceptaci\u00f3n plena y sin reservas de todas y cada una de las disposiciones incluidas en la presente Pol\u00edtica de Privacidad as\u00ed como de los documentos de car\u00e1cter legal disponibles en la p\u00e1gina web de Fundaci\u00f3n Impulsa CLM.<br \/>En Fundaci\u00f3n Impulsa CLM tenemos el m\u00e1ximo inter\u00e9s en proteger la seguridad as\u00ed como en garantizar y proteger sus datos de car\u00e1cter personal que pudieran ser recabados y tratados a trav\u00e9s del Sitio Web, inform\u00e1ndole, a trav\u00e9s de la presente Pol\u00edtica de Privacidad acerca del tratamiento que se realiza de los mismos.<br \/>Fundaci\u00f3n Impulsa CLM se reserva el derecho a modificar la presente Pol\u00edtica de Privacidad para adecuarla a las novedades legales o jurisprudenciales as\u00ed como a cualesquiera modificaciones que pudieran introducirse en el Sitio Web.<br \/>Al cumplimentar el formulario de registro que se presenta en el Sitio Web, usted garantiza que los datos personales aportados son de su titularidad y, adem\u00e1s, son veraces, precisos, completos y actualizados.<br \/>El Sitio Web puede contener enlaces o links a otras p\u00e1ginas web. Fundaci\u00f3n Impulsa CLM no se responsabiliza por las pr\u00e1cticas de privacidad ni de los contenidos de esas otras webs. La presente Pol\u00edtica de Privacidad s\u00f3lo se aplica a los datos personales recabados a trav\u00e9s de <a href=\"http:\/\/www.faemclm.es\/\">www.faemclm.es<\/a>.<\/p><p><strong>2.1 \u00bfQui\u00e9n es el responsable del tratamiento de sus datos?<\/strong><br \/><strong><em>Identidad:\u00a0<\/em><\/strong>Fundaci\u00f3n Impulsa Castilla-La Mancha<br \/><strong><em>Direcci\u00f3n postal:\u00a0<\/em><\/strong><em>Ronda de Buenavista, 47, 1\u00aa planta, 45005 &#8211; Toledo<\/em><br \/><strong><em>Correo electr\u00f3nico:<\/em><\/strong>\u00a0info@iclm.es<\/p><p><strong>2.2 \u00bfCon qu\u00e9 finalidad tratamos sus datos personales?<\/strong>\u00a0Fundaci\u00f3n Impulsa CLM recoge sus datos personales en el presente Sitio Web para las siguientes finalidades:<\/p><p>a) Para gestionar, en su caso, su participaci\u00f3n en la\u00a0<strong>XXVI<\/strong>\u00a0Feria de las Artes Esc\u00e9nicas y Musicales de Castilla-La Mancha. Dichos datos personales ser\u00e1n cedidos a la Viceconsejer\u00eda de Cultura y Deportes de Castilla-La Mancha, siendo esta comunicaci\u00f3n un requisito necesario para la participaci\u00f3n en la Feria.<\/p><p>Asimismo, mediante la marcaci\u00f3n de la casilla correspondiente, la Fundaci\u00f3n Impulsa CLM podr\u00e1 tratar sus datos personales para la elaboraci\u00f3n y remisi\u00f3n del certificado de asistencia sobre los encuentros de la\u00a0<strong>XXVI<\/strong>\u00a0Feria de las Artes Esc\u00e9nicas y Musicales de Castilla-La Mancha.<\/p><p>Los datos personales que fueran recabados para esta finalidad ser\u00e1n conservados durante el tiempo necesario para la gesti\u00f3n de su participaci\u00f3n en el referido evento o en tanto no se solicite su supresi\u00f3n por el interesado. Asimismo, los datos personales podr\u00e1n ser conservados una vez finalizado el evento de forma seudonimizada para fines estad\u00edsticos.<\/p><p>b) Para atender a las distintas solicitudes y comunicaciones que usted pueda realizar a la Fundaci\u00f3n Impulsa CLM, as\u00ed como para ayudar a resolver cualquier cuesti\u00f3n que pudiera ser suscitada por el acceso al Sitio Web.<\/p><p>Los datos personales que fueran recabados para esta finalidad ser\u00e1n conservados durante el tiempo necesario para atender la consulta o solicitud del usuario, o en tanto no se solicite su supresi\u00f3n por el interesado.<\/p><p><strong>2.3 \u00bfCu\u00e1l es la legitimaci\u00f3n para el tratamiento de sus datos?<\/strong>\u00a0La base legal para el tratamiento de sus datos personales se constituye por su propio consentimiento tras haber le\u00eddo, entendido y aceptado nuestra Pol\u00edtica de Privacidad.<\/p><p><strong>2.4 \u00bfA qu\u00e9 destinatarios se comunicar\u00e1n sus datos?<\/strong>\u00a0Los datos personales que sean recabados para gestionar la participaci\u00f3n del usuario en la\u00a0<strong>XXVI<\/strong>\u00a0Feria de las Artes Esc\u00e9nicas y Musicales de Castilla-La Mancha ser\u00e1n comunicados necesariamente a la Viceconsejer\u00eda de Cultura y Deportes del Gobierno de Castilla-La Mancha. Al margen de dicha comunicaci\u00f3n, Fundaci\u00f3n Impulsa CLM no ceder\u00e1 los datos personales de\u00a0<strong>las personas usuarias<\/strong>\u00a0a terceros sin solicitar consentimiento previo e informado a usted como interesado, salvo que tal comunicaci\u00f3n de datos resultase necesaria para la prestaci\u00f3n del servicio solicitado o as\u00ed lo estableciera la normativa vigente.<\/p><p><strong>2.5 \u00bfCu\u00e1les son sus derechos cuando nos facilita sus datos?<\/strong>\u00a0Derecho de acceso: tiene derecho a obtener confirmaci\u00f3n sobre si la Fundaci\u00f3n Impulsa CLM trata datos personales que le conciernen o no, as\u00ed como a acceder a los mismos. Derecho de rectificaci\u00f3n: tiene derecho a solicitar la rectificaci\u00f3n de aquellos datos que resulten inexactos. Derecho de supresi\u00f3n: tiene derecho a solicitar la supresi\u00f3n de sus datos, entre otros motivos, cuando los datos ya no sean necesarios en relaci\u00f3n con los fines para los que fueron recogidos. Derecho a la limitaci\u00f3n del tratamiento: usted, bajo la premisa de que concurran determinadas circunstancias, podr\u00e1 solicitar la limitaci\u00f3n del tratamiento de sus datos, en cuyo caso, la Fundaci\u00f3n Impulsa CLM podr\u00e1 utilizarlos para el ejercicio o defensa de reclamaciones, para la protecci\u00f3n de derechos o por razones de inter\u00e9s p\u00fablico. Derecho a la portabilidad de los datos: tiene derecho a que sus datos, cuando as\u00ed lo solicite, sean enviados a otro responsable. Derecho de oposici\u00f3n: tiene derecho, por motivos relacionados con su situaci\u00f3n particular, a oponerse al tratamiento de sus datos personales. La Fundaci\u00f3n Impulsa CLM dejar\u00e1 de tratar dichos datos, salvo que existan motivos leg\u00edtimos imperiosos, o para el ejercicio o la defensa de reclamaciones. Usted podr\u00e1 ejercer sus derechos en los t\u00e9rminos legalmente establecidos dirigi\u00e9ndose a la Fundaci\u00f3n Impulsa CLM a trav\u00e9s de la siguiente direcci\u00f3n de correo electr\u00f3nico: info@iclm.es o por medio de correo postal a la siguiente direcci\u00f3n: Ronda de Buenavista, 47, 1\u00aa planta, 45005 &#8211; Toledo. Para el ejercicio de dichos derechos, deber\u00e1 identificarse y aportar fotocopia de su DNI o documento de identidad equivalente. En caso de que considere que el tratamiento de sus datos personales no se ajusta a lo dispuesto en la normativa, usted tiene derecho a reclamar la tutela de una autoridad de control.<\/p>\t\t\t\t\t\t\t\t<\/div>\n\t\t\t\t<\/div>\n\t\t\t\t\t<\/div>\n\t\t<\/div>\n\t\t\t\t\t<\/div>\n\t\t<\/section>\n\t\t\t\t<\/div>\n\t\t","protected":false},"excerpt":{"rendered":"<p>Informaci\u00f3n b\u00e1sica Responsable Fundaci\u00f3n Impulsa Castilla-La Mancha Finalidad Participaci\u00f3n del usuario en la XXVI Feria de las Artes Esc\u00e9nicas y Musicales de Castilla-La Mancha, as\u00ed como gesti\u00f3n de comunicaciones y consultas realizadas a trav\u00e9s del&hellip;<\/p>\n","protected":false},"author":1,"featured_media":0,"parent":0,"menu_order":0,"comment_status":"closed","ping_status":"closed","template":"","meta":{"footnotes":""},"class_list":["post-2760","page","type-page","status-publish","hentry"],"_links":{"self":[{"href":"https:\/\/faemclm.es\/feriaxxvii\/wp-json\/wp\/v2\/pages\/2760","targetHints":{"allow":["GET"]}}],"collection":[{"href":"https:\/\/faemclm.es\/feriaxxvii\/wp-json\/wp\/v2\/pages"}],"about":[{"href":"https:\/\/faemclm.es\/feriaxxvii\/wp-json\/wp\/v2\/types\/page"}],"author":[{"embeddable":true,"href":"https:\/\/faemclm.es\/feriaxxvii\/wp-json\/wp\/v2\/users\/1"}],"replies":[{"embeddable":true,"href":"https:\/\/faemclm.es\/feriaxxvii\/wp-json\/wp\/v2\/comments?post=2760"}],"version-history":[{"count":0,"href":"https:\/\/faemclm.es\/feriaxxvii\/wp-json\/wp\/v2\/pages\/2760\/revisions"}],"wp:attachment":[{"href":"https:\/\/faemclm.es\/feriaxxvii\/wp-json\/wp\/v2\/media?parent=2760"}],"curies":[{"name":"wp","href":"https:\/\/api.w.org\/{rel}","templated":true}]}}

Política de privacidad

<div data-elementor-type="wp-page" data-elementor-id="2760" class="elementor elementor-2760">
				<br />
<b>Warning</b>:  Undefined array key "options" in <b>/srv/vhost/faemclm.es/home/html/feriaxxvii/wp-content/plugins/trx_addons/components/api/elementor/elementor.php</b> on line <b>1042</b><br />
		<section class="elementor-section elementor-top-section elementor-element elementor-element-4c6673f elementor-section-boxed elementor-section-height-default elementor-section-height-default" data-id="4c6673f" data-element_type="section">
						<div class="elementor-container elementor-column-gap-extended">
					<div class="elementor-column elementor-col-100 elementor-top-column elementor-element elementor-element-4e9900d sc_layouts_column_icons_position_left" data-id="4e9900d" data-element_type="column">
			<div class="elementor-widget-wrap elementor-element-populated">
						<div class="elementor-element elementor-element-7d10d1c elementor-widget elementor-widget-text-editor" data-id="7d10d1c" data-element_type="widget" data-widget_type="text-editor.default">
				<div class="elementor-widget-container">
									<ol><li><strong>Información básica</strong></li></ol><table style="height: 341px;" width="100%"><tbody><tr><td width="102">Responsable</td><td width="475">Fundación Impulsa Castilla-La Mancha</td></tr><tr><td width="102">Finalidad</td><td width="475">Participación del usuario en la XXVI Feria de las Artes Escénicas y Musicales de Castilla-La Mancha, así como gestión de comunicaciones y consultas realizadas a través del Sitio Web.</td></tr><tr><td width="102">Legitimación</td><td width="475">Consentimiento <strong>de la persona interesada.</strong></td></tr><tr><td width="102">Destinatarios</td><td width="475">Salvo obligación legal, no se cederán datos a terceros.</td></tr><tr><td width="102">Derechos</td><td width="475">Acceso, rectificación, supresión, oposición, así como portabilidad y limitación del tratamiento.</td></tr><tr><td width="102">Información adicional</td><td width="475">Consulte la <strong><u>Política de Privacidad.</u></strong></td></tr></tbody></table><p><strong> </strong></p><ol start="2"><li><strong>Información adicional</strong></li></ol><p>A través de la presente Política de Privacidad se regula el tratamiento de datos personales que usted facilita a través del Sitio Web <a href="http://www.faemclm.es/">www.faemclm.es</a> (el “<strong>Sitio Web</strong>”), que Fundación Impulsa Castilla-La Mancha (“<strong>Fundación Impulsa CLM</strong>”) pone a su disposición. La utilización del Sitio Web implica su aceptación plena y sin reservas de todas y cada una de las disposiciones incluidas en la presente Política de Privacidad así como de los documentos de carácter legal disponibles en la página web de Fundación Impulsa CLM.<br />En Fundación Impulsa CLM tenemos el máximo interés en proteger la seguridad así como en garantizar y proteger sus datos de carácter personal que pudieran ser recabados y tratados a través del Sitio Web, informándole, a través de la presente Política de Privacidad acerca del tratamiento que se realiza de los mismos.<br />Fundación Impulsa CLM se reserva el derecho a modificar la presente Política de Privacidad para adecuarla a las novedades legales o jurisprudenciales así como a cualesquiera modificaciones que pudieran introducirse en el Sitio Web.<br />Al cumplimentar el formulario de registro que se presenta en el Sitio Web, usted garantiza que los datos personales aportados son de su titularidad y, además, son veraces, precisos, completos y actualizados.<br />El Sitio Web puede contener enlaces o links a otras páginas web. Fundación Impulsa CLM no se responsabiliza por las prácticas de privacidad ni de los contenidos de esas otras webs. La presente Política de Privacidad sólo se aplica a los datos personales recabados a través de <a href="http://www.faemclm.es/">www.faemclm.es</a>.</p><p><strong>2.1 ¿Quién es el responsable del tratamiento de sus datos?</strong><br /><strong><em>Identidad: </em></strong>Fundación Impulsa Castilla-La Mancha<br /><strong><em>Dirección postal: </em></strong><em>Ronda de Buenavista, 47, 1ª planta, 45005 &#8211; Toledo</em><br /><strong><em>Correo electrónico:</em></strong> info@iclm.es</p><p><strong>2.2 ¿Con qué finalidad tratamos sus datos personales?</strong> Fundación Impulsa CLM recoge sus datos personales en el presente Sitio Web para las siguientes finalidades:</p><p>a) Para gestionar, en su caso, su participación en la <strong>XXVI</strong> Feria de las Artes Escénicas y Musicales de Castilla-La Mancha. Dichos datos personales serán cedidos a la Viceconsejería de Cultura y Deportes de Castilla-La Mancha, siendo esta comunicación un requisito necesario para la participación en la Feria.</p><p>Asimismo, mediante la marcación de la casilla correspondiente, la Fundación Impulsa CLM podrá tratar sus datos personales para la elaboración y remisión del certificado de asistencia sobre los encuentros de la <strong>XXVI</strong> Feria de las Artes Escénicas y Musicales de Castilla-La Mancha.</p><p>Los datos personales que fueran recabados para esta finalidad serán conservados durante el tiempo necesario para la gestión de su participación en el referido evento o en tanto no se solicite su supresión por el interesado. Asimismo, los datos personales podrán ser conservados una vez finalizado el evento de forma seudonimizada para fines estadísticos.</p><p>b) Para atender a las distintas solicitudes y comunicaciones que usted pueda realizar a la Fundación Impulsa CLM, así como para ayudar a resolver cualquier cuestión que pudiera ser suscitada por el acceso al Sitio Web.</p><p>Los datos personales que fueran recabados para esta finalidad serán conservados durante el tiempo necesario para atender la consulta o solicitud del usuario, o en tanto no se solicite su supresión por el interesado.</p><p><strong>2.3 ¿Cuál es la legitimación para el tratamiento de sus datos?</strong> La base legal para el tratamiento de sus datos personales se constituye por su propio consentimiento tras haber leído, entendido y aceptado nuestra Política de Privacidad.</p><p><strong>2.4 ¿A qué destinatarios se comunicarán sus datos?</strong> Los datos personales que sean recabados para gestionar la participación del usuario en la <strong>XXVI</strong> Feria de las Artes Escénicas y Musicales de Castilla-La Mancha serán comunicados necesariamente a la Viceconsejería de Cultura y Deportes del Gobierno de Castilla-La Mancha. Al margen de dicha comunicación, Fundación Impulsa CLM no cederá los datos personales de <strong>las personas usuarias</strong> a terceros sin solicitar consentimiento previo e informado a usted como interesado, salvo que tal comunicación de datos resultase necesaria para la prestación del servicio solicitado o así lo estableciera la normativa vigente.</p><p><strong>2.5 ¿Cuáles son sus derechos cuando nos facilita sus datos?</strong> Derecho de acceso: tiene derecho a obtener confirmación sobre si la Fundación Impulsa CLM trata datos personales que le conciernen o no, así como a acceder a los mismos. Derecho de rectificación: tiene derecho a solicitar la rectificación de aquellos datos que resulten inexactos. Derecho de supresión: tiene derecho a solicitar la supresión de sus datos, entre otros motivos, cuando los datos ya no sean necesarios en relación con los fines para los que fueron recogidos. Derecho a la limitación del tratamiento: usted, bajo la premisa de que concurran determinadas circunstancias, podrá solicitar la limitación del tratamiento de sus datos, en cuyo caso, la Fundación Impulsa CLM podrá utilizarlos para el ejercicio o defensa de reclamaciones, para la protección de derechos o por razones de interés público. Derecho a la portabilidad de los datos: tiene derecho a que sus datos, cuando así lo solicite, sean enviados a otro responsable. Derecho de oposición: tiene derecho, por motivos relacionados con su situación particular, a oponerse al tratamiento de sus datos personales. La Fundación Impulsa CLM dejará de tratar dichos datos, salvo que existan motivos legítimos imperiosos, o para el ejercicio o la defensa de reclamaciones. Usted podrá ejercer sus derechos en los términos legalmente establecidos dirigiéndose a la Fundación Impulsa CLM a través de la siguiente dirección de correo electrónico: info@iclm.es o por medio de correo postal a la siguiente dirección: Ronda de Buenavista, 47, 1ª planta, 45005 &#8211; Toledo. Para el ejercicio de dichos derechos, deberá identificarse y aportar fotocopia de su DNI o documento de identidad equivalente. En caso de que considere que el tratamiento de sus datos personales no se ajusta a lo dispuesto en la normativa, usted tiene derecho a reclamar la tutela de una autoridad de control.</p>								</div>
				</div>
					</div>
		</div>
					</div>
		</section>
				</div>

<p>Información básica Responsable Fundación Impulsa Castilla-La Mancha Finalidad Participación del usuario en la XXVI Feria de las Artes Escénicas y Musicales de Castilla-La Mancha, así como gestión de comunicaciones y consultas realizadas a través del&hellip;</p>
