{"id":2774,"date":"2022-10-11T17:39:24","date_gmt":"2022-10-11T15:39:24","guid":{"rendered":"https:\/\/faemclm.es\/?page_id=2774"},"modified":"2022-10-11T17:42:09","modified_gmt":"2022-10-11T15:42:09","slug":"politica-de-cookies","status":"publish","type":"page","link":"https:\/\/faemclm.es\/feriaxxvii\/politica-de-cookies\/","title":{"rendered":"Pol\u00edtica de cookies"},"content":{"rendered":"\t\t<div data-elementor-type=\"wp-page\" data-elementor-id=\"2774\" class=\"elementor elementor-2774\">\n\t\t\t\t<br \/>\n<b>Warning<\/b>:  Undefined array key \"options\" in <b>\/srv\/vhost\/faemclm.es\/home\/html\/feriaxxvii\/wp-content\/plugins\/trx_addons\/components\/api\/elementor\/elementor.php<\/b> on line <b>1042<\/b><br \/>\n\t\t<section class=\"elementor-section elementor-top-section elementor-element elementor-element-3479680 elementor-section-boxed elementor-section-height-default elementor-section-height-default\" data-id=\"3479680\" data-element_type=\"section\">\n\t\t\t\t\t\t<div class=\"elementor-container elementor-column-gap-extended\">\n\t\t\t\t\t<div class=\"elementor-column elementor-col-100 elementor-top-column elementor-element elementor-element-cb52cc9 sc_layouts_column_icons_position_left\" data-id=\"cb52cc9\" data-element_type=\"column\">\n\t\t\t<div class=\"elementor-widget-wrap elementor-element-populated\">\n\t\t\t\t\t\t<div class=\"elementor-element elementor-element-5b8a73d elementor-widget elementor-widget-text-editor\" data-id=\"5b8a73d\" data-element_type=\"widget\" data-widget_type=\"text-editor.default\">\n\t\t\t\t<div class=\"elementor-widget-container\">\n\t\t\t\t\t\t\t\t\t<ol><li><strong>Informaci\u00f3n general<\/strong><\/li><\/ol><p>Este Sitio Web utiliza cookies con el objetivo de optimizar la experiencia del usuario y garantizar la navegabilidad y prestaci\u00f3n de los servicios interactivos que integramos en nuestro Sitio Web.<br \/>Una cookie es un peque\u00f1o fichero inform\u00e1tico que se descarga en el dispositivo del usuario al acceder a determinadas p\u00e1ginas web, sin que exista posibilidad de que este tipo de ficheros da\u00f1en al dispositivo donde queden guardados.<br \/>La informaci\u00f3n que a continuaci\u00f3n te proporcionamos te permitir\u00e1 comprender los distintos tipos de cookies que existen y empleamos.<\/p><ol start=\"2\"><li><strong>Tipolog\u00eda de cookies existentes<\/strong><\/li><\/ol><ol><li style=\"list-style-type: none;\"><ol><li><u>Cookies seg\u00fan la entidad que las gestiona<\/u>:<\/li><\/ol><\/li><\/ol><ul><li style=\"list-style-type: none;\"><ul><li>Cookies propias: aquellas que se env\u00edan al equipo terminal del usuario desde un equipo o dominio gestionado por el propio prestador del servicio de la sociedad de la informaci\u00f3n.<\/li><li>Cookies de terceros: aquellas que se env\u00edan al equipo terminal del usuario desde un equipo o dominio no gestionado por el propio prestador del servicio de la sociedad de la informaci\u00f3n.<\/li><\/ul><\/li><\/ul><ol><li style=\"list-style-type: none;\"><ol start=\"2\"><li><u>Cookies seg\u00fan el tiempo que est\u00e1n activas<\/u>:<\/li><\/ol><\/li><\/ol><ul><li style=\"list-style-type: none;\"><ul><li>Cookies de sesi\u00f3n: recaban y almacenan datos en tanto el usuario permanezca en el Sitio Web, es decir, \u00fanicamente mientras sea necesario para prestar el servicio solicitado.<\/li><li>Cookies persistentes: permanecen almacenadas en el terminal y el Sitio Web puede acceder a ellas hasta la fecha de expiraci\u00f3n definida por el prestador de servicios de sociedad de la informaci\u00f3n.<\/li><\/ul><\/li><\/ul><ol><li style=\"list-style-type: none;\"><ol start=\"3\"><li><u>Cookies seg\u00fan su finalidad<\/u>:<\/li><\/ol><\/li><\/ol><ul><li style=\"list-style-type: none;\"><ul><li>Cookies t\u00e9cnicas y funcionales: permiten la navegaci\u00f3n por el Sitio Web y la utilizaci\u00f3n de las distintas opciones o servicios que se ofrecen a trav\u00e9s de \u00e9ste. Estas cookies son necesarias para garantizar el correcto funcionamiento del Sitio Web.<\/li><li>Cookies de personalizaci\u00f3n: permiten al usuario acceder al servicio con algunas caracter\u00edsticas predefinidas, como pueden ser el idioma, el tipo de navegador, o la configuraci\u00f3n regional del equipo.<\/li><li>Cookies de an\u00e1lisis: permiten hacer seguimiento y an\u00e1lisis del comportamiento de los usuarios que visitan el Sitio Web, as\u00ed como una medici\u00f3n de la actividad dentro del mismo, con el prop\u00f3sito de introducir mejoras.<\/li><li>Cookies publicitarias y comportamentales: recogen informaci\u00f3n sobre las preferencias y elecciones personales del usuario a trav\u00e9s de una observaci\u00f3n continuada de sus h\u00e1bitos de navegaci\u00f3n, permitiendo el desarrollo de un perfil espec\u00edfico.<\/li><\/ul><\/li><\/ul><ol start=\"3\"><li><strong>Cookies que se utilizan en este Sitio Web<\/strong><\/li><\/ol><p>Este Sitio Web \u00fanicamente emplea cookies t\u00e9cnicas y funcionales para garantizar el correcto funcionamiento del Sitio Web. La desactivaci\u00f3n de las cookies puede afectar a la funcionalidad del Sitio Web.<\/p><ol start=\"4\"><li><strong>Configuraci\u00f3n del navegador<\/strong><\/li><\/ol><p>Puede usted permitir, bloquear o eliminar las cookies instaladas en su equipo mediante la configuraci\u00f3n de las opciones del navegador instalado en su equipo. A continuaci\u00f3n le proporcionamos informaci\u00f3n a relativa sobre los navegadores m\u00e1s comerciales:<\/p><ul><li>Para m\u00e1s informaci\u00f3n sobre Microsoft Internet Explorer pulse\u00a0<a href=\"http:\/\/windows.microsoft.com\/es-es\/windows-vista\/block-or-allow-cookies\">aqu\u00ed<\/a>.<\/li><li>Para m\u00e1s informaci\u00f3n sobre Mozilla Firefox pulse\u00a0<a href=\"https:\/\/support.mozilla.org\/es\/kb\/habilitar-y-deshabilitar-cookies-que-los-sitios-we\">aqu\u00ed<\/a>.<\/li><li>Para m\u00e1s informaci\u00f3n sobre Google Chrome pulse\u00a0<a href=\"https:\/\/support.google.com\/chrome\/answer\/95647?hl=es\">aqu\u00ed<\/a>.<\/li><li>Para m\u00e1s informaci\u00f3n sobre Safari pulse\u00a0<a href=\"http:\/\/support.apple.com\/kb\/ph5042\">aqu\u00ed<\/a>.<\/li><\/ul><ol start=\"5\"><li><strong>Cambios en la Pol\u00edtica de Cookies<\/strong><\/li><\/ol><p>La presente Pol\u00edtica de Cookies podr\u00e1 ser modificada en virtud de cualquier cambio legal o jurisprudencial que se produzca en relaci\u00f3n a las cookies o por cualquiera otra circunstancia. Las modificaciones de la Pol\u00edtica de Cookies ser\u00e1n debidamente publicadas en la p\u00e1gina principal de nuestro Sitio Web.<\/p>\t\t\t\t\t\t\t\t<\/div>\n\t\t\t\t<\/div>\n\t\t\t\t\t<\/div>\n\t\t<\/div>\n\t\t\t\t\t<\/div>\n\t\t<\/section>\n\t\t\t\t<\/div>\n\t\t","protected":false},"excerpt":{"rendered":"<p>Informaci\u00f3n general Este Sitio Web utiliza cookies con el objetivo de optimizar la experiencia del usuario y garantizar la navegabilidad y prestaci\u00f3n de los servicios interactivos que integramos en nuestro Sitio Web.Una cookie es un&hellip;<\/p>\n","protected":false},"author":1,"featured_media":0,"parent":0,"menu_order":0,"comment_status":"closed","ping_status":"closed","template":"","meta":{"footnotes":""},"class_list":["post-2774","page","type-page","status-publish","hentry"],"_links":{"self":[{"href":"https:\/\/faemclm.es\/feriaxxvii\/wp-json\/wp\/v2\/pages\/2774","targetHints":{"allow":["GET"]}}],"collection":[{"href":"https:\/\/faemclm.es\/feriaxxvii\/wp-json\/wp\/v2\/pages"}],"about":[{"href":"https:\/\/faemclm.es\/feriaxxvii\/wp-json\/wp\/v2\/types\/page"}],"author":[{"embeddable":true,"href":"https:\/\/faemclm.es\/feriaxxvii\/wp-json\/wp\/v2\/users\/1"}],"replies":[{"embeddable":true,"href":"https:\/\/faemclm.es\/feriaxxvii\/wp-json\/wp\/v2\/comments?post=2774"}],"version-history":[{"count":0,"href":"https:\/\/faemclm.es\/feriaxxvii\/wp-json\/wp\/v2\/pages\/2774\/revisions"}],"wp:attachment":[{"href":"https:\/\/faemclm.es\/feriaxxvii\/wp-json\/wp\/v2\/media?parent=2774"}],"curies":[{"name":"wp","href":"https:\/\/api.w.org\/{rel}","templated":true}]}}