{"id":2786,"date":"2022-10-11T17:43:16","date_gmt":"2022-10-11T15:43:16","guid":{"rendered":"https:\/\/faemclm.es\/?page_id=2786"},"modified":"2022-10-11T17:43:55","modified_gmt":"2022-10-11T15:43:55","slug":"aviso-legal","status":"publish","type":"page","link":"https:\/\/faemclm.es\/feriaxxvii\/aviso-legal\/","title":{"rendered":"Aviso legal"},"content":{"rendered":"\t\t<div data-elementor-type=\"wp-page\" data-elementor-id=\"2786\" class=\"elementor elementor-2786\">\n\t\t\t\t<br \/>\n<b>Warning<\/b>:  Undefined array key \"options\" in <b>\/srv\/vhost\/faemclm.es\/home\/html\/feriaxxvii\/wp-content\/plugins\/trx_addons\/components\/api\/elementor\/elementor.php<\/b> on line <b>1042<\/b><br \/>\n\t\t<section class=\"elementor-section elementor-top-section elementor-element elementor-element-51a8941 elementor-section-boxed elementor-section-height-default elementor-section-height-default\" data-id=\"51a8941\" data-element_type=\"section\">\n\t\t\t\t\t\t<div class=\"elementor-container elementor-column-gap-extended\">\n\t\t\t\t\t<div class=\"elementor-column elementor-col-100 elementor-top-column elementor-element elementor-element-0f2652d sc_layouts_column_icons_position_left\" data-id=\"0f2652d\" data-element_type=\"column\">\n\t\t\t<div class=\"elementor-widget-wrap elementor-element-populated\">\n\t\t\t\t\t\t<div class=\"elementor-element elementor-element-cb52518 elementor-widget elementor-widget-text-editor\" data-id=\"cb52518\" data-element_type=\"widget\" data-widget_type=\"text-editor.default\">\n\t\t\t\t<div class=\"elementor-widget-container\">\n\t\t\t\t\t\t\t\t\t<p>El presente aviso legal regula el acceso y el uso de la p\u00e1gina web\u00a0<a href=\"http:\/\/www.faemclm.es\/\">www.faemclm.es<\/a>\u00a0(el \u201c<strong>Sitio Web<\/strong>\u201d), de la cual es titular y responsable la Fundaci\u00f3n Impulsa Castilla-La Mancha (\u201c<strong>Fundaci\u00f3n Impulsa CLM<\/strong>\u201d).<\/p><p>En cumplimiento de lo dispuesto por el art\u00edculo 10 de la Ley 34\/2002, de 11 de julio, de Servicios de la Sociedad de la Informaci\u00f3n y Comercio Electr\u00f3nico, le informamos de los siguientes aspectos:<\/p><ul><li>Nombre del titular del Sitio Web: Fundaci\u00f3n Impulsa Castilla-La Mancha<\/li><li>Domicilio social: Ronda de Buenavista, 47 &#8211; 1\u00ba planta &#8211; 45005 Toledo<\/li><li>N.I.F: G45418985<\/li><li>Inscripci\u00f3n registral: sociedad inscrita en el Registro de Fundaciones de Castilla-La Mancha al tomo II, libro 5\u00ba, p\u00e1gina 66, n\u00famero TO-066.<\/li><\/ul><p>Asimismo, al efecto de facilitar una comunicaci\u00f3n directa y efectiva con Fundaci\u00f3n Impulsa CLM, la compa\u00f1\u00eda pone a disposici\u00f3n del usuario la siguiente direcci\u00f3n de correo electr\u00f3nico:\u00a0<a href=\"mailto:info@iclm.es\">info@iclm.es<\/a><br \/>El uso del Sitio Web le atribuye la condici\u00f3n de usuario de la misma (el \u201c<strong>Usuario<\/strong>\u201d), e implica asimismo la expresa y plena aceptaci\u00f3n de las condiciones reflejadas en el presente Aviso Legal por su parte, debiendo \u00e9ste actuar de una manera acorde con la Ley, la moral, las buenas costumbres generalmente aceptadas y el orden p\u00fablico. Fundaci\u00f3n Impulsa CLM se reserva el derecho de efectuar sin previo aviso las modificaciones que considere oportunas en el Sitio Web, pudiendo cambiar, suprimir o a\u00f1adir tanto los contenidos y servicios que se presten a trav\u00e9s de la misma como la forma en la que \u00e9stos aparezcan presentados o localizados en la misma.<\/p><p><strong>Propiedad intelectual e industrial<\/strong>\u00a0El Sitio Web en su totalidad, incluyendo sin exclusi\u00f3n alguna su dise\u00f1o, estructura y distribuci\u00f3n, textos y contenidos, logotipos, botones, im\u00e1genes, dibujos, c\u00f3digo fuente, as\u00ed como todos los derechos de propiedad intelectual e industrial y cualquier otro signo distintivo, pertenecen o tienen como cesionaria a Fundaci\u00f3n Impulsa CLM o, en su caso, a las personas f\u00edsicas o jur\u00eddicas que figuran como autores o titulares de los derechos, o de sus licenciantes. El Usuario se compromete a respetar estos derechos. Podr\u00e1 visualizar los elementos del Sitio Web e incluso imprimirlos, copiarlos y almacenarlos en el disco duro de su ordenador o en cualquier otro soporte f\u00edsico siempre y cuando sea, \u00fanica y exclusivamente, para su uso personal y privado, quedando por tanto terminantemente prohibida la transformaci\u00f3n, distribuci\u00f3n, comunicaci\u00f3n p\u00fablica, puesta a disposici\u00f3n o cualquier otra forma de explotaci\u00f3n, as\u00ed como su modificaci\u00f3n, alteraci\u00f3n o descompilaci\u00f3n. Fundaci\u00f3n Impulsa CLM no asumir\u00e1 responsabilidad alguna respecto de los derechos de propiedad intelectual o industrial titularidad de terceros que se vean infringidos por el Usuario.<\/p><p><strong>Limitaci\u00f3n de responsabilidad<\/strong>\u00a0El Sitio Web gestionado por Fundaci\u00f3n Impulsa CLM tiene como finalidad, entre otras, poner a disposici\u00f3n del Usuario informaci\u00f3n relativa a la XXIV Feria de las Artes Esc\u00e9nicas y Musicales de Castilla-La Mancha, as\u00ed como de servicios asociados a dicho evento. Fundaci\u00f3n Impulsa CLM no asume responsabilidad alguna en relaci\u00f3n con la informaci\u00f3n incluida en \u00e9sta p\u00e1gina, en el sentido de no garantizar la inexistencia de errores en el acceso a su Sitio Web o en el contenido de \u00e9ste. No se garantiza que el mismo\u00a0 se encuentre totalmente actualizado, aunque desarrollar\u00e1 los esfuerzos precisos para evitar tal situaci\u00f3n, y en su caso, subsanar y actualizar el referido contenido a la mayor brevedad posible. Cabe la posibilidad de que el Sitio Web ponga a disposici\u00f3n de los usuarios enlaces (mediante links, banners, botones u otra clase de recurso t\u00e9cnica) que les permita acceder, mediante re-direccionamiento, a p\u00e1ginas web gestionadas por terceros. En \u00e9ste sentido, Fundaci\u00f3n Impulsa CLM no ser\u00e1 responsable respecto a la informaci\u00f3n que se halle fuera del Sitio Web. Asimismo, el Usuario debe tener en cuenta que Fundaci\u00f3n Impulsa CLM no es responsable de las pr\u00e1cticas de privacidad de esas otras p\u00e1ginas webs, por lo que recomendamos que sea consciente de que al utilizar uno de estos links est\u00e1 abandonando el Sitio Web y, por consiguiente, debe leer las pol\u00edticas de privacidad de esas otras p\u00e1ginas webs, en especial si se recaban en ellas datos de car\u00e1cter personal.<\/p><p><strong>Exenci\u00f3n de responsabilidad por el funcionamiento del Sitio Web<\/strong>\u00a0Fundaci\u00f3n Impulsa CLM no garantiza que el Sitio Web vaya a funcionar de forma constante, fiable y correcta, sin retrasos o interrupciones, por lo que no se hace responsable de los da\u00f1os y perjuicios que puedan derivarse de los posibles fallos en disponibilidad y continuidad t\u00e9cnica del Sitio Web. Fundaci\u00f3n Impulsa CLM no se responsabiliza de da\u00f1os, perjuicios y\/o beneficios dejados de obtener por el Usuario o cualquier otro tercero que se vea perjudicado a consecuencia de cualquier circunstancia de fuerza mayor, caso fortuito, fallo o error de las l\u00edneas de comunicaci\u00f3n, o de la prestaci\u00f3n defectuosa del servicio o fallo en la red de Internet. Fundaci\u00f3n Impulsa CLM no controla ni garantiza la ausencia de virus ni de otros elementos en los Contenidos que puedan producir alteraciones en el sistema inform\u00e1tico (software y hardware) o en los documentos electr\u00f3nicos y ficheros almacenados en el sistema inform\u00e1tico del Usuario.<\/p><p><strong>Protecci\u00f3n de datos<\/strong>\u00a0A efectos de interactuar con Fundaci\u00f3n Impulsa CLM a trav\u00e9s del Sitio Web, es posible que el Usuario deba facilitar una serie de datos de car\u00e1cter personal que ser\u00e1n tratados para las distintas finalidades previstas en cada caso. En \u00e9ste sentido, le informamos de que todo tratamiento de datos de car\u00e1cter personal se regir\u00e1 por lo establecido en la normativa vigente en materia de protecci\u00f3n de datos, pudiendo el Usuario, asimismo, obtener m\u00e1s informaci\u00f3n sobre \u00e9ste aspecto en el enlace a la\u00a0<u>Pol\u00edtica de Privacidad<\/u>\u00a0que se facilita en el Sitio Web.<\/p><p><strong>Cookies<\/strong>\u00a0Una cookie es un peque\u00f1o programa o archivo susceptible de ser instalado en los dispositivos que emplee el Usuario al acceder a una p\u00e1gina web, posibilitando el almacenamiento y retirada de informaci\u00f3n de dichos dispositivos. En relaci\u00f3n con lo anterior, el empleo de cookies en el Sitio Web quedar\u00e1 sujeto a lo establecido en la\u00a0<a href=\"https:\/\/faemclm.es\/politica-de-cookies\/\" target=\"_blank\" rel=\"noopener noreferrer\"><u>Pol\u00edtica de Cookies<\/u><\/a>.<\/p>\t\t\t\t\t\t\t\t<\/div>\n\t\t\t\t<\/div>\n\t\t\t\t\t<\/div>\n\t\t<\/div>\n\t\t\t\t\t<\/div>\n\t\t<\/section>\n\t\t\t\t<\/div>\n\t\t","protected":false},"excerpt":{"rendered":"<p>El presente aviso legal regula el acceso y el uso de la p\u00e1gina web\u00a0www.faemclm.es\u00a0(el \u201cSitio Web\u201d), de la cual es titular y responsable la Fundaci\u00f3n Impulsa Castilla-La Mancha (\u201cFundaci\u00f3n Impulsa CLM\u201d). En cumplimiento de lo&hellip;<\/p>\n","protected":false},"author":1,"featured_media":0,"parent":0,"menu_order":0,"comment_status":"closed","ping_status":"closed","template":"","meta":{"footnotes":""},"class_list":["post-2786","page","type-page","status-publish","hentry"],"_links":{"self":[{"href":"https:\/\/faemclm.es\/feriaxxvii\/wp-json\/wp\/v2\/pages\/2786","targetHints":{"allow":["GET"]}}],"collection":[{"href":"https:\/\/faemclm.es\/feriaxxvii\/wp-json\/wp\/v2\/pages"}],"about":[{"href":"https:\/\/faemclm.es\/feriaxxvii\/wp-json\/wp\/v2\/types\/page"}],"author":[{"embeddable":true,"href":"https:\/\/faemclm.es\/feriaxxvii\/wp-json\/wp\/v2\/users\/1"}],"replies":[{"embeddable":true,"href":"https:\/\/faemclm.es\/feriaxxvii\/wp-json\/wp\/v2\/comments?post=2786"}],"version-history":[{"count":0,"href":"https:\/\/faemclm.es\/feriaxxvii\/wp-json\/wp\/v2\/pages\/2786\/revisions"}],"wp:attachment":[{"href":"https:\/\/faemclm.es\/feriaxxvii\/wp-json\/wp\/v2\/media?parent=2786"}],"curies":[{"name":"wp","href":"https:\/\/api.w.org\/{rel}","templated":true}]}}

<div data-elementor-type="wp-page" data-elementor-id="2786" class="elementor elementor-2786">
				<br />
<b>Warning</b>:  Undefined array key "options" in <b>/srv/vhost/faemclm.es/home/html/feriaxxvii/wp-content/plugins/trx_addons/components/api/elementor/elementor.php</b> on line <b>1042</b><br />
		<section class="elementor-section elementor-top-section elementor-element elementor-element-51a8941 elementor-section-boxed elementor-section-height-default elementor-section-height-default" data-id="51a8941" data-element_type="section">
						<div class="elementor-container elementor-column-gap-extended">
					<div class="elementor-column elementor-col-100 elementor-top-column elementor-element elementor-element-0f2652d sc_layouts_column_icons_position_left" data-id="0f2652d" data-element_type="column">
			<div class="elementor-widget-wrap elementor-element-populated">
						<div class="elementor-element elementor-element-cb52518 elementor-widget elementor-widget-text-editor" data-id="cb52518" data-element_type="widget" data-widget_type="text-editor.default">
				<div class="elementor-widget-container">
									<p>El presente aviso legal regula el acceso y el uso de la página web <a href="http://www.faemclm.es/">www.faemclm.es</a> (el “<strong>Sitio Web</strong>”), de la cual es titular y responsable la Fundación Impulsa Castilla-La Mancha (“<strong>Fundación Impulsa CLM</strong>”).</p><p>En cumplimiento de lo dispuesto por el artículo 10 de la Ley 34/2002, de 11 de julio, de Servicios de la Sociedad de la Información y Comercio Electrónico, le informamos de los siguientes aspectos:</p><ul><li>Nombre del titular del Sitio Web: Fundación Impulsa Castilla-La Mancha</li><li>Domicilio social: Ronda de Buenavista, 47 &#8211; 1º planta &#8211; 45005 Toledo</li><li>N.I.F: G45418985</li><li>Inscripción registral: sociedad inscrita en el Registro de Fundaciones de Castilla-La Mancha al tomo II, libro 5º, página 66, número TO-066.</li></ul><p>Asimismo, al efecto de facilitar una comunicación directa y efectiva con Fundación Impulsa CLM, la compañía pone a disposición del usuario la siguiente dirección de correo electrónico: <a href="mailto:info@iclm.es">info@iclm.es</a><br />El uso del Sitio Web le atribuye la condición de usuario de la misma (el “<strong>Usuario</strong>”), e implica asimismo la expresa y plena aceptación de las condiciones reflejadas en el presente Aviso Legal por su parte, debiendo éste actuar de una manera acorde con la Ley, la moral, las buenas costumbres generalmente aceptadas y el orden público. Fundación Impulsa CLM se reserva el derecho de efectuar sin previo aviso las modificaciones que considere oportunas en el Sitio Web, pudiendo cambiar, suprimir o añadir tanto los contenidos y servicios que se presten a través de la misma como la forma en la que éstos aparezcan presentados o localizados en la misma.</p><p><strong>Propiedad intelectual e industrial</strong> El Sitio Web en su totalidad, incluyendo sin exclusión alguna su diseño, estructura y distribución, textos y contenidos, logotipos, botones, imágenes, dibujos, código fuente, así como todos los derechos de propiedad intelectual e industrial y cualquier otro signo distintivo, pertenecen o tienen como cesionaria a Fundación Impulsa CLM o, en su caso, a las personas físicas o jurídicas que figuran como autores o titulares de los derechos, o de sus licenciantes. El Usuario se compromete a respetar estos derechos. Podrá visualizar los elementos del Sitio Web e incluso imprimirlos, copiarlos y almacenarlos en el disco duro de su ordenador o en cualquier otro soporte físico siempre y cuando sea, única y exclusivamente, para su uso personal y privado, quedando por tanto terminantemente prohibida la transformación, distribución, comunicación pública, puesta a disposición o cualquier otra forma de explotación, así como su modificación, alteración o descompilación. Fundación Impulsa CLM no asumirá responsabilidad alguna respecto de los derechos de propiedad intelectual o industrial titularidad de terceros que se vean infringidos por el Usuario.</p><p><strong>Limitación de responsabilidad</strong> El Sitio Web gestionado por Fundación Impulsa CLM tiene como finalidad, entre otras, poner a disposición del Usuario información relativa a la XXIV Feria de las Artes Escénicas y Musicales de Castilla-La Mancha, así como de servicios asociados a dicho evento. Fundación Impulsa CLM no asume responsabilidad alguna en relación con la información incluida en ésta página, en el sentido de no garantizar la inexistencia de errores en el acceso a su Sitio Web o en el contenido de éste. No se garantiza que el mismo  se encuentre totalmente actualizado, aunque desarrollará los esfuerzos precisos para evitar tal situación, y en su caso, subsanar y actualizar el referido contenido a la mayor brevedad posible. Cabe la posibilidad de que el Sitio Web ponga a disposición de los usuarios enlaces (mediante links, banners, botones u otra clase de recurso técnica) que les permita acceder, mediante re-direccionamiento, a páginas web gestionadas por terceros. En éste sentido, Fundación Impulsa CLM no será responsable respecto a la información que se halle fuera del Sitio Web. Asimismo, el Usuario debe tener en cuenta que Fundación Impulsa CLM no es responsable de las prácticas de privacidad de esas otras páginas webs, por lo que recomendamos que sea consciente de que al utilizar uno de estos links está abandonando el Sitio Web y, por consiguiente, debe leer las políticas de privacidad de esas otras páginas webs, en especial si se recaban en ellas datos de carácter personal.</p><p><strong>Exención de responsabilidad por el funcionamiento del Sitio Web</strong> Fundación Impulsa CLM no garantiza que el Sitio Web vaya a funcionar de forma constante, fiable y correcta, sin retrasos o interrupciones, por lo que no se hace responsable de los daños y perjuicios que puedan derivarse de los posibles fallos en disponibilidad y continuidad técnica del Sitio Web. Fundación Impulsa CLM no se responsabiliza de daños, perjuicios y/o beneficios dejados de obtener por el Usuario o cualquier otro tercero que se vea perjudicado a consecuencia de cualquier circunstancia de fuerza mayor, caso fortuito, fallo o error de las líneas de comunicación, o de la prestación defectuosa del servicio o fallo en la red de Internet. Fundación Impulsa CLM no controla ni garantiza la ausencia de virus ni de otros elementos en los Contenidos que puedan producir alteraciones en el sistema informático (software y hardware) o en los documentos electrónicos y ficheros almacenados en el sistema informático del Usuario.</p><p><strong>Protección de datos</strong> A efectos de interactuar con Fundación Impulsa CLM a través del Sitio Web, es posible que el Usuario deba facilitar una serie de datos de carácter personal que serán tratados para las distintas finalidades previstas en cada caso. En éste sentido, le informamos de que todo tratamiento de datos de carácter personal se regirá por lo establecido en la normativa vigente en materia de protección de datos, pudiendo el Usuario, asimismo, obtener más información sobre éste aspecto en el enlace a la <u>Política de Privacidad</u> que se facilita en el Sitio Web.</p><p><strong>Cookies</strong> Una cookie es un pequeño programa o archivo susceptible de ser instalado en los dispositivos que emplee el Usuario al acceder a una página web, posibilitando el almacenamiento y retirada de información de dichos dispositivos. En relación con lo anterior, el empleo de cookies en el Sitio Web quedará sujeto a lo establecido en la <a href="https://faemclm.es/politica-de-cookies/" target="_blank" rel="noopener noreferrer"><u>Política de Cookies</u></a>.</p>								</div>
				</div>
					</div>
		</div>
					</div>
		</section>
				</div>

<p>El presente aviso legal regula el acceso y el uso de la página web www.faemclm.es (el “Sitio Web”), de la cual es titular y responsable la Fundación Impulsa Castilla-La Mancha (“Fundación Impulsa CLM”). En cumplimiento de lo&hellip;</p>
